{"id":87613,"date":"2025-03-01T21:27:25","date_gmt":"2025-03-01T20:27:25","guid":{"rendered":"https:\/\/dualtron-store.com\/?post_type=product&#038;p=87613"},"modified":"2025-11-24T21:29:41","modified_gmt":"2025-11-24T20:29:41","slug":"garde-boue-dualtron-storm","status":"publish","type":"product","link":"https:\/\/dualtron-store.com\/index.php\/produit\/garde-boue-dualtron-storm\/","title":{"rendered":"Garde boue Dualtron Storm"},"content":{"rendered":"","protected":false},"excerpt":{"rendered":"<p>Le <strong data-start=\"3\" data-end=\"32\">garde-boue Dualtron Storm<\/strong> est un accessoire indispensable pour les propri\u00e9taires de la trottinette \u00e9lectrique <strong data-start=\"117\" data-end=\"135\">Dualtron Storm<\/strong> souhaitant prot\u00e9ger leur v\u00e9hicule des projections d\u2019eau, de boue et de poussi\u00e8re. Con\u00e7u en mat\u00e9riau robuste et r\u00e9sistant, il assure une excellente durabilit\u00e9 et une protection optimale, m\u00eame en conditions difficiles.<\/p>\n<p><strong><span style=\"color: #333399;\">Disponible sur notre site internet ainsi qu&#8217;en boutique au 19 Avenue de la Grande Arm\u00e9e, Paris, ou au 54 Rue Gambetta, Le Mans.<\/span><\/strong><\/p>\n","protected":false},"featured_media":87616,"comment_status":"closed","ping_status":"closed","template":"","meta":{"om_disable_all_campaigns":false,"_mi_skip_tracking":false,"_monsterinsights_sitenote_active":false,"_monsterinsights_sitenote_note":"","_monsterinsights_sitenote_category":0},"product_cat":[272,18,51],"product_tag":[],"aioseo_notices":[],"_links":{"self":[{"href":"https:\/\/dualtron-store.com\/index.php\/wp-json\/wp\/v2\/product\/87613"}],"collection":[{"href":"https:\/\/dualtron-store.com\/index.php\/wp-json\/wp\/v2\/product"}],"about":[{"href":"https:\/\/dualtron-store.com\/index.php\/wp-json\/wp\/v2\/types\/product"}],"replies":[{"embeddable":true,"href":"https:\/\/dualtron-store.com\/index.php\/wp-json\/wp\/v2\/comments?post=87613"}],"wp:featuredmedia":[{"embeddable":true,"href":"https:\/\/dualtron-store.com\/index.php\/wp-json\/wp\/v2\/media\/87616"}],"wp:attachment":[{"href":"https:\/\/dualtron-store.com\/index.php\/wp-json\/wp\/v2\/media?parent=87613"}],"wp:term":[{"taxonomy":"product_cat","embeddable":true,"href":"https:\/\/dualtron-store.com\/index.php\/wp-json\/wp\/v2\/product_cat?post=87613"},{"taxonomy":"product_tag","embeddable":true,"href":"https:\/\/dualtron-store.com\/index.php\/wp-json\/wp\/v2\/product_tag?post=87613"}],"curies":[{"name":"wp","href":"https:\/\/api.w.org\/{rel}","templated":true}]}}