{"id":87607,"date":"2025-03-01T20:45:26","date_gmt":"2025-03-01T19:45:26","guid":{"rendered":"https:\/\/dualtron-store.com\/?post_type=product&#038;p=87607"},"modified":"2026-04-21T11:50:32","modified_gmt":"2026-04-21T09:50:32","slug":"ecran-display-minimotors-ey4-avec-connecteur-etanche","status":"publish","type":"product","link":"https:\/\/dualtron-store.com\/index.php\/produit\/ecran-display-minimotors-ey4-avec-connecteur-etanche\/","title":{"rendered":"Ecran Display Minimotors EY4 avec connecteur \u00e9tanche"},"content":{"rendered":"","protected":false},"excerpt":{"rendered":"<p>L\u2019<strong data-start=\"2\" data-end=\"34\">\u00e9cran Display Minimotors EY4<\/strong> est un compteur digital de nouvelle g\u00e9n\u00e9ration, con\u00e7u pour offrir une lecture claire et intuitive des informations essentielles de votre trottinette \u00e9lectrique. Gr\u00e2ce \u00e0 son <strong data-start=\"208\" data-end=\"230\">connecteur \u00e9tanche<\/strong>, il assure une protection optimale contre l&#8217;humidit\u00e9 et la poussi\u00e8re, garantissant une fiabilit\u00e9 maximale en toutes conditions.<\/p>\n<p><span style=\"color: #333399;\"><strong>Disponible sur notre site internet ainsi qu&#8217;en boutique au 19 Avenue de la Grande Arm\u00e9e, Paris, ou au 54 Rue Gambetta, Le Mans.<\/strong><\/span><\/p>\n","protected":false},"featured_media":87608,"comment_status":"closed","ping_status":"closed","template":"","meta":{"om_disable_all_campaigns":false,"_mi_skip_tracking":false,"_monsterinsights_sitenote_active":false,"_monsterinsights_sitenote_note":"","_monsterinsights_sitenote_category":0},"product_cat":[348,346,526,617,743,274,740,741,325,742,613,704,18,51],"product_tag":[],"aioseo_notices":[],"_links":{"self":[{"href":"https:\/\/dualtron-store.com\/index.php\/wp-json\/wp\/v2\/product\/87607"}],"collection":[{"href":"https:\/\/dualtron-store.com\/index.php\/wp-json\/wp\/v2\/product"}],"about":[{"href":"https:\/\/dualtron-store.com\/index.php\/wp-json\/wp\/v2\/types\/product"}],"replies":[{"embeddable":true,"href":"https:\/\/dualtron-store.com\/index.php\/wp-json\/wp\/v2\/comments?post=87607"}],"wp:featuredmedia":[{"embeddable":true,"href":"https:\/\/dualtron-store.com\/index.php\/wp-json\/wp\/v2\/media\/87608"}],"wp:attachment":[{"href":"https:\/\/dualtron-store.com\/index.php\/wp-json\/wp\/v2\/media?parent=87607"}],"wp:term":[{"taxonomy":"product_cat","embeddable":true,"href":"https:\/\/dualtron-store.com\/index.php\/wp-json\/wp\/v2\/product_cat?post=87607"},{"taxonomy":"product_tag","embeddable":true,"href":"https:\/\/dualtron-store.com\/index.php\/wp-json\/wp\/v2\/product_tag?post=87607"}],"curies":[{"name":"wp","href":"https:\/\/api.w.org\/{rel}","templated":true}]}}