{"id":87011,"date":"2025-02-07T13:20:43","date_gmt":"2025-02-07T12:20:43","guid":{"rendered":"https:\/\/dualtron-store.com\/?post_type=product&#038;p=87011"},"modified":"2026-01-30T23:55:33","modified_gmt":"2026-01-30T22:55:33","slug":"teverun-fighter-mini-q","status":"publish","type":"product","link":"https:\/\/dualtron-store.com\/index.php\/produit\/teverun-fighter-mini-q\/","title":{"rendered":"Teverun fighter MINI Q"},"content":{"rendered":"<h2><strong>Teverun fighter MINI Q<\/strong><\/h2>\n<p>Le Teverun Fighter Mini Q est une trottinette \u00e9lectrique sans compromis.<\/p>\n<p>&nbsp;<\/p>\n<p><iframe loading=\"lazy\" title=\"TEVERUN FIGHTER MINI Q ! EXCLUSIVITE\u0301 MONDIALE !\" width=\"1140\" height=\"641\" src=\"https:\/\/www.youtube.com\/embed\/SopfORoLKc0?feature=oembed\" frameborder=\"0\" allow=\"accelerometer; autoplay; clipboard-write; encrypted-media; gyroscope; picture-in-picture; web-share\" referrerpolicy=\"strict-origin-when-cross-origin\" allowfullscreen><\/iframe><\/p>\n<div class=\"flex flex-grow flex-col max-w-full\">\n<div class=\"min-h-[20px] text-message flex w-full flex-col items-end gap-2 whitespace-pre-wrap break-words [.text-message+&amp;]:mt-5 overflow-x-auto\" dir=\"auto\" data-message-author-role=\"assistant\" data-message-id=\"857a5b5f-cb1d-4c74-a895-195ff0003e5e\">\n<div class=\"flex w-full flex-col gap-1 empty:hidden first:pt-[3px]\">\n<div class=\"markdown prose w-full break-words dark:prose-invert light\"><\/div>\n<\/div>\n<\/div>\n<\/div>\n<p>&nbsp;<\/p>\n<h2><strong>Pourquoi acheter la Teverun fighter MINI Q chez DUALTRON Store ?<\/strong><\/h2>\n<p><strong>DUALTRON Store\u00a0\u00ae\u00a0, boutique\u00a0officielle du\u00a0fabricant Minimotors,<\/strong>\u00a0dispose \u00e0 son catalogue de l&#8217;ensemble des trottinettes \u00e9lectriques Minimotors. ( Dualtron, Teverun, Futecher, Speedway, Blade, Rovoron, ) En plus de cela, on vous offre un service PREMIUM .<\/p>\n<p>Nous nous attachons \u00e0 pr\u00e9parer chaque trottinette avant remise au client. Avant exp\u00e9dition, la <strong>Teverun fighter MINI Q <\/strong>sera v\u00e9rifi\u00e9e et r\u00e9gl\u00e9e en atelier suivant vos attentes (bridage ou pas, r\u00e9glage du niveau de puissance, montage d&#8217;accessoires, mise en place de pi\u00e8ces de customisation, &#8230;).<\/p>\n<p>Nous disposons de 2 boutiques physiques prestigieuses pr\u00e9sentant toute la gamme dont celle situ\u00e9e \u00e0 Paris proche de l&#8217;arc de triomphe dans la fameuse avenue de la grande arm\u00e9e ( prolongement de l&#8217;avenue des Champs Elys\u00e9es ).<\/p>\n<p><strong>Nous sommes \u00e0 votre disposition au 07 61 87 64 04 ou au 06 95 90 31 91 pour vous aider dans votre choix et\/ou r\u00e9pondre \u00e0 vos questions.<\/strong><\/p>\n","protected":false},"excerpt":{"rendered":"<p><a href=\"https:\/\/dualtron-store.com\/wp-content\/uploads\/2023\/02\/Teverun-e1677098746961.png\"><img loading=\"lazy\" class=\"alignnone wp-image-57176\" src=\"https:\/\/dualtron-store.com\/wp-content\/uploads\/2023\/02\/Teverun-300x261.png\" alt=\"\" width=\"125\" height=\"109\" \/><\/a><\/p>\n<p><b>La TEVERUN fighter mini Q est une des meilleures trottinettes \u00e9lectriques sans compromis.<\/b><\/p>\n<p><strong><span style=\"color: #333399;\">Possibilit\u00e9 de paiement en 3X, 4X et 10X par Carte Bancaire sans frais et sans justificatif.<\/span><\/strong><\/p>\n<p><strong><span style=\"color: #000000;\">N&#8217;h\u00e9sitez pas \u00e0 nous contactez au 06 95 90 31 91 pour tout renseignement.<\/span><\/strong><\/p>\n","protected":false},"featured_media":87015,"comment_status":"open","ping_status":"closed","template":"","meta":{"om_disable_all_campaigns":false,"_mi_skip_tracking":false,"_monsterinsights_sitenote_active":false,"_monsterinsights_sitenote_note":"","_monsterinsights_sitenote_category":0},"product_cat":[446,20],"product_tag":[],"aioseo_notices":[],"_links":{"self":[{"href":"https:\/\/dualtron-store.com\/index.php\/wp-json\/wp\/v2\/product\/87011"}],"collection":[{"href":"https:\/\/dualtron-store.com\/index.php\/wp-json\/wp\/v2\/product"}],"about":[{"href":"https:\/\/dualtron-store.com\/index.php\/wp-json\/wp\/v2\/types\/product"}],"replies":[{"embeddable":true,"href":"https:\/\/dualtron-store.com\/index.php\/wp-json\/wp\/v2\/comments?post=87011"}],"wp:featuredmedia":[{"embeddable":true,"href":"https:\/\/dualtron-store.com\/index.php\/wp-json\/wp\/v2\/media\/87015"}],"wp:attachment":[{"href":"https:\/\/dualtron-store.com\/index.php\/wp-json\/wp\/v2\/media?parent=87011"}],"wp:term":[{"taxonomy":"product_cat","embeddable":true,"href":"https:\/\/dualtron-store.com\/index.php\/wp-json\/wp\/v2\/product_cat?post=87011"},{"taxonomy":"product_tag","embeddable":true,"href":"https:\/\/dualtron-store.com\/index.php\/wp-json\/wp\/v2\/product_tag?post=87011"}],"curies":[{"name":"wp","href":"https:\/\/api.w.org\/{rel}","templated":true}]}}