{"id":83165,"date":"2024-10-12T15:16:24","date_gmt":"2024-10-12T13:16:24","guid":{"rendered":"https:\/\/dualtron-store.com\/?post_type=product&#038;p=83165"},"modified":"2024-11-13T15:37:05","modified_gmt":"2024-11-13T14:37:05","slug":"repose-pied-dualtron-dolphin","status":"publish","type":"product","link":"https:\/\/dualtron-store.com\/index.php\/produit\/repose-pied-dualtron-dolphin\/","title":{"rendered":"REPOSE PIED DUALTRON DOLPHIN"},"content":{"rendered":"","protected":false},"excerpt":{"rendered":"<p>Le repose-pied Dualtron Dolphin est un accessoire con\u00e7u pour am\u00e9liorer le confort et la stabilit\u00e9 de conduite sur les trottinettes Dualtron Dolphin. Plac\u00e9 \u00e0 l\u2019arri\u00e8re de la trottinette, il offre un support suppl\u00e9mentaire pour les pieds, permettant une posture plus \u00e9quilibr\u00e9e et r\u00e9duisant la fatigue lors des trajets prolong\u00e9s. Fabriqu\u00e9 en mat\u00e9riaux r\u00e9sistants, ce repose-pied est durable et s\u2019int\u00e8gre parfaitement au design de la trottinette.<\/p>\n","protected":false},"featured_media":83166,"comment_status":"closed","ping_status":"closed","template":"","meta":{"om_disable_all_campaigns":false,"_mi_skip_tracking":false,"_monsterinsights_sitenote_active":false,"_monsterinsights_sitenote_note":"","_monsterinsights_sitenote_category":0},"product_cat":[644,18,51],"product_tag":[],"aioseo_notices":[],"_links":{"self":[{"href":"https:\/\/dualtron-store.com\/index.php\/wp-json\/wp\/v2\/product\/83165"}],"collection":[{"href":"https:\/\/dualtron-store.com\/index.php\/wp-json\/wp\/v2\/product"}],"about":[{"href":"https:\/\/dualtron-store.com\/index.php\/wp-json\/wp\/v2\/types\/product"}],"replies":[{"embeddable":true,"href":"https:\/\/dualtron-store.com\/index.php\/wp-json\/wp\/v2\/comments?post=83165"}],"wp:featuredmedia":[{"embeddable":true,"href":"https:\/\/dualtron-store.com\/index.php\/wp-json\/wp\/v2\/media\/83166"}],"wp:attachment":[{"href":"https:\/\/dualtron-store.com\/index.php\/wp-json\/wp\/v2\/media?parent=83165"}],"wp:term":[{"taxonomy":"product_cat","embeddable":true,"href":"https:\/\/dualtron-store.com\/index.php\/wp-json\/wp\/v2\/product_cat?post=83165"},{"taxonomy":"product_tag","embeddable":true,"href":"https:\/\/dualtron-store.com\/index.php\/wp-json\/wp\/v2\/product_tag?post=83165"}],"curies":[{"name":"wp","href":"https:\/\/api.w.org\/{rel}","templated":true}]}}