{"id":71854,"date":"2024-01-29T12:49:43","date_gmt":"2024-01-29T11:49:43","guid":{"rendered":"https:\/\/dualtron-store.com\/?post_type=product&#038;p=71854"},"modified":"2026-04-08T10:06:32","modified_gmt":"2026-04-08T08:06:32","slug":"cache-bras-de-fourche-arriere-dualtron-togo","status":"publish","type":"product","link":"https:\/\/dualtron-store.com\/index.php\/produit\/cache-bras-de-fourche-arriere-dualtron-togo\/","title":{"rendered":"Cache bras de fourche arri\u00e8re Dualtron TOGO"},"content":{"rendered":"","protected":false},"excerpt":{"rendered":"<p><strong>Le cache bras de fourche arri\u00e8re Dualtron TOGO<\/strong> est un accessoire de trottinette \u00e9lectrique con\u00e7u pour offrir une protection suppl\u00e9mentaire et une esth\u00e9tique am\u00e9lior\u00e9e. Fabriqu\u00e9 avec des mat\u00e9riaux durables et r\u00e9sistants, ce cache prot\u00e8ge efficacement le bras de fourche arri\u00e8re de la trottinette contre les chocs, les \u00e9raflures et les dommages caus\u00e9s par les \u00e9l\u00e9ments ext\u00e9rieurs.<\/p>\n","protected":false},"featured_media":71857,"comment_status":"open","ping_status":"closed","template":"","meta":{"om_disable_all_campaigns":false,"_mi_skip_tracking":false,"_monsterinsights_sitenote_active":false,"_monsterinsights_sitenote_note":"","_monsterinsights_sitenote_category":0},"product_cat":[586,18,51],"product_tag":[],"aioseo_notices":[],"_links":{"self":[{"href":"https:\/\/dualtron-store.com\/index.php\/wp-json\/wp\/v2\/product\/71854"}],"collection":[{"href":"https:\/\/dualtron-store.com\/index.php\/wp-json\/wp\/v2\/product"}],"about":[{"href":"https:\/\/dualtron-store.com\/index.php\/wp-json\/wp\/v2\/types\/product"}],"replies":[{"embeddable":true,"href":"https:\/\/dualtron-store.com\/index.php\/wp-json\/wp\/v2\/comments?post=71854"}],"wp:featuredmedia":[{"embeddable":true,"href":"https:\/\/dualtron-store.com\/index.php\/wp-json\/wp\/v2\/media\/71857"}],"wp:attachment":[{"href":"https:\/\/dualtron-store.com\/index.php\/wp-json\/wp\/v2\/media?parent=71854"}],"wp:term":[{"taxonomy":"product_cat","embeddable":true,"href":"https:\/\/dualtron-store.com\/index.php\/wp-json\/wp\/v2\/product_cat?post=71854"},{"taxonomy":"product_tag","embeddable":true,"href":"https:\/\/dualtron-store.com\/index.php\/wp-json\/wp\/v2\/product_tag?post=71854"}],"curies":[{"name":"wp","href":"https:\/\/api.w.org\/{rel}","templated":true}]}}