{"id":71629,"date":"2024-01-22T20:33:48","date_gmt":"2024-01-22T19:33:48","guid":{"rendered":"https:\/\/dualtron-store.com\/?post_type=product&#038;p=71629"},"modified":"2026-02-28T23:50:05","modified_gmt":"2026-02-28T22:50:05","slug":"display-ey2-dualtron-togo","status":"publish","type":"product","link":"https:\/\/dualtron-store.com\/index.php\/produit\/display-ey2-dualtron-togo\/","title":{"rendered":"Display EY2 Dualtron TOGO 36V \/ 48V"},"content":{"rendered":"","protected":false},"excerpt":{"rendered":"<div class=\"w-full text-token-text-primary\" data-testid=\"conversation-turn-15\">\n<div class=\"px-4 py-2 justify-center text-base md:gap-6 m-auto\">\n<div class=\"flex flex-1 text-base mx-auto gap-3 md:px-5 lg:px-1 xl:px-5 md:max-w-3xl lg:max-w-[40rem] xl:max-w-[48rem] group\">\n<div class=\"relative flex w-full flex-col lg:w-[calc(100%-115px)] agent-turn\">\n<div class=\"flex-col gap-1 md:gap-3\">\n<div class=\"flex flex-grow flex-col max-w-full\">\n<div class=\"min-h-[20px] text-message flex flex-col items-start gap-3 whitespace-pre-wrap break-words [.text-message+&amp;]:mt-5 overflow-x-auto\" data-message-author-role=\"assistant\" data-message-id=\"b88863fe-cfbd-4d2a-a355-bc4bd429e682\">\n<div class=\"markdown prose w-full break-words dark:prose-invert light\">\n<p>Le Display EY2 Dualtron TOGO est l&#8217;interface intuitive de votre trottinette \u00e9lectrique. Avec ses fonctionnalit\u00e9s conviviales, il offre un contr\u00f4le facile sur la vitesse, le niveau de batterie et d&#8217;autres param\u00e8tres essentiels. L&#8217;\u00e9cran clair et lumineux assure une lisibilit\u00e9 optimale, am\u00e9liorant ainsi l&#8217;exp\u00e9rience de conduite. Ajoutez une touche de modernit\u00e9 \u00e0 votre trajet et gardez le contr\u00f4le total avec le Display EY2 Dualtron TOGO, l&#8217;outil id\u00e9al pour une conduite \u00e9lectrique sophistiqu\u00e9e.<\/p>\n<\/div>\n<p>Non compatible avec la Dualtron Togo Limited.<\/p>\n<p>&nbsp;<\/p>\n<\/div>\n<\/div>\n<\/div>\n<\/div>\n<\/div>\n<\/div>\n<\/div>\n","protected":false},"featured_media":71630,"comment_status":"open","ping_status":"closed","template":"","meta":{"om_disable_all_campaigns":false,"_mi_skip_tracking":false,"_monsterinsights_sitenote_active":false,"_monsterinsights_sitenote_note":"","_monsterinsights_sitenote_category":0},"product_cat":[586,18,51],"product_tag":[],"aioseo_notices":[],"_links":{"self":[{"href":"https:\/\/dualtron-store.com\/index.php\/wp-json\/wp\/v2\/product\/71629"}],"collection":[{"href":"https:\/\/dualtron-store.com\/index.php\/wp-json\/wp\/v2\/product"}],"about":[{"href":"https:\/\/dualtron-store.com\/index.php\/wp-json\/wp\/v2\/types\/product"}],"replies":[{"embeddable":true,"href":"https:\/\/dualtron-store.com\/index.php\/wp-json\/wp\/v2\/comments?post=71629"}],"wp:featuredmedia":[{"embeddable":true,"href":"https:\/\/dualtron-store.com\/index.php\/wp-json\/wp\/v2\/media\/71630"}],"wp:attachment":[{"href":"https:\/\/dualtron-store.com\/index.php\/wp-json\/wp\/v2\/media?parent=71629"}],"wp:term":[{"taxonomy":"product_cat","embeddable":true,"href":"https:\/\/dualtron-store.com\/index.php\/wp-json\/wp\/v2\/product_cat?post=71629"},{"taxonomy":"product_tag","embeddable":true,"href":"https:\/\/dualtron-store.com\/index.php\/wp-json\/wp\/v2\/product_tag?post=71629"}],"curies":[{"name":"wp","href":"https:\/\/api.w.org\/{rel}","templated":true}]}}