{"id":71618,"date":"2024-01-22T16:44:01","date_gmt":"2024-01-22T15:44:01","guid":{"rendered":"https:\/\/dualtron-store.com\/?post_type=product&#038;p=71618"},"modified":"2024-08-10T16:02:33","modified_gmt":"2024-08-10T14:02:33","slug":"garde-boue-avant-dualtron-togo","status":"publish","type":"product","link":"https:\/\/dualtron-store.com\/index.php\/produit\/garde-boue-avant-dualtron-togo\/","title":{"rendered":"Garde boue avant Dualtron TOGO"},"content":{"rendered":"","protected":false},"excerpt":{"rendered":"<p>Le garde-boue avant Dualtron TOGO assure une protection efficace contre les \u00e9claboussures et la salet\u00e9, am\u00e9liorant ainsi votre exp\u00e9rience de conduite en trottinette \u00e9lectrique. Un ajout fonctionnel pour une conduite plus propre et agr\u00e9able.<\/p>\n","protected":false},"featured_media":71619,"comment_status":"open","ping_status":"closed","template":"","meta":{"om_disable_all_campaigns":false,"_mi_skip_tracking":false,"_monsterinsights_sitenote_active":false,"_monsterinsights_sitenote_note":"","_monsterinsights_sitenote_category":0},"product_cat":[586,18,51],"product_tag":[],"aioseo_notices":[],"_links":{"self":[{"href":"https:\/\/dualtron-store.com\/index.php\/wp-json\/wp\/v2\/product\/71618"}],"collection":[{"href":"https:\/\/dualtron-store.com\/index.php\/wp-json\/wp\/v2\/product"}],"about":[{"href":"https:\/\/dualtron-store.com\/index.php\/wp-json\/wp\/v2\/types\/product"}],"replies":[{"embeddable":true,"href":"https:\/\/dualtron-store.com\/index.php\/wp-json\/wp\/v2\/comments?post=71618"}],"wp:featuredmedia":[{"embeddable":true,"href":"https:\/\/dualtron-store.com\/index.php\/wp-json\/wp\/v2\/media\/71619"}],"wp:attachment":[{"href":"https:\/\/dualtron-store.com\/index.php\/wp-json\/wp\/v2\/media?parent=71618"}],"wp:term":[{"taxonomy":"product_cat","embeddable":true,"href":"https:\/\/dualtron-store.com\/index.php\/wp-json\/wp\/v2\/product_cat?post=71618"},{"taxonomy":"product_tag","embeddable":true,"href":"https:\/\/dualtron-store.com\/index.php\/wp-json\/wp\/v2\/product_tag?post=71618"}],"curies":[{"name":"wp","href":"https:\/\/api.w.org\/{rel}","templated":true}]}}