{"id":70848,"date":"2023-12-28T02:27:19","date_gmt":"2023-12-28T01:27:19","guid":{"rendered":"https:\/\/dualtron-store.com\/?post_type=product&#038;p=70848"},"modified":"2024-05-18T14:16:27","modified_gmt":"2024-05-18T12:16:27","slug":"bras-noir-dualtron-achilleus","status":"publish","type":"product","link":"https:\/\/dualtron-store.com\/index.php\/produit\/bras-noir-dualtron-achilleus\/","title":{"rendered":"Bras noir Dualtron Achilleus"},"content":{"rendered":"","protected":false},"excerpt":{"rendered":"<p>La trottinette \u00e9lectrique <strong>Dualtron Achilleus<\/strong>, dot\u00e9e d&#8217;un design \u00e9l\u00e9gant avec des bras noirs, offre une exp\u00e9rience de conduite puissante et confortable. Equip\u00e9e d&#8217;un moteur performant, elle propose une vitesse \u00e9lev\u00e9e et une excellente autonomie. Sa construction robuste et son syst\u00e8me de suspension avanc\u00e9 garantissent une conduite stable, m\u00eame sur des terrains vari\u00e9s.<\/p>\n","protected":false},"featured_media":70853,"comment_status":"open","ping_status":"closed","template":"","meta":{"om_disable_all_campaigns":false,"_mi_skip_tracking":false,"_monsterinsights_sitenote_active":false,"_monsterinsights_sitenote_note":"","_monsterinsights_sitenote_category":0},"product_cat":[526,18,51],"product_tag":[],"aioseo_notices":[],"_links":{"self":[{"href":"https:\/\/dualtron-store.com\/index.php\/wp-json\/wp\/v2\/product\/70848"}],"collection":[{"href":"https:\/\/dualtron-store.com\/index.php\/wp-json\/wp\/v2\/product"}],"about":[{"href":"https:\/\/dualtron-store.com\/index.php\/wp-json\/wp\/v2\/types\/product"}],"replies":[{"embeddable":true,"href":"https:\/\/dualtron-store.com\/index.php\/wp-json\/wp\/v2\/comments?post=70848"}],"wp:featuredmedia":[{"embeddable":true,"href":"https:\/\/dualtron-store.com\/index.php\/wp-json\/wp\/v2\/media\/70853"}],"wp:attachment":[{"href":"https:\/\/dualtron-store.com\/index.php\/wp-json\/wp\/v2\/media?parent=70848"}],"wp:term":[{"taxonomy":"product_cat","embeddable":true,"href":"https:\/\/dualtron-store.com\/index.php\/wp-json\/wp\/v2\/product_cat?post=70848"},{"taxonomy":"product_tag","embeddable":true,"href":"https:\/\/dualtron-store.com\/index.php\/wp-json\/wp\/v2\/product_tag?post=70848"}],"curies":[{"name":"wp","href":"https:\/\/api.w.org\/{rel}","templated":true}]}}