{"id":70826,"date":"2023-12-28T01:50:34","date_gmt":"2023-12-28T00:50:34","guid":{"rendered":"https:\/\/dualtron-store.com\/?post_type=product&#038;p=70826"},"modified":"2023-12-28T11:13:56","modified_gmt":"2023-12-28T10:13:56","slug":"led-colonne-dualtron-victor","status":"publish","type":"product","link":"https:\/\/dualtron-store.com\/index.php\/produit\/led-colonne-dualtron-victor\/","title":{"rendered":"Led colonne Dualtron Victor"},"content":{"rendered":"","protected":false},"excerpt":{"rendered":"<p><strong>La LED de colonne Dualtron Victor<\/strong> est une solution d&#8217;\u00e9clairage d\u00e9di\u00e9e \u00e0 la trottinette \u00e9lectrique Dualtron Victor. Avec son design sp\u00e9cifique, cette LED offre un \u00e9clairage puissant pour am\u00e9liorer la visibilit\u00e9 pendant la conduite.<\/p>\n","protected":false},"featured_media":70827,"comment_status":"open","ping_status":"closed","template":"","meta":{"om_disable_all_campaigns":false,"_mi_skip_tracking":false,"_monsterinsights_sitenote_active":false,"_monsterinsights_sitenote_note":"","_monsterinsights_sitenote_category":0},"product_cat":[346,18,51],"product_tag":[],"aioseo_notices":[],"_links":{"self":[{"href":"https:\/\/dualtron-store.com\/index.php\/wp-json\/wp\/v2\/product\/70826"}],"collection":[{"href":"https:\/\/dualtron-store.com\/index.php\/wp-json\/wp\/v2\/product"}],"about":[{"href":"https:\/\/dualtron-store.com\/index.php\/wp-json\/wp\/v2\/types\/product"}],"replies":[{"embeddable":true,"href":"https:\/\/dualtron-store.com\/index.php\/wp-json\/wp\/v2\/comments?post=70826"}],"wp:featuredmedia":[{"embeddable":true,"href":"https:\/\/dualtron-store.com\/index.php\/wp-json\/wp\/v2\/media\/70827"}],"wp:attachment":[{"href":"https:\/\/dualtron-store.com\/index.php\/wp-json\/wp\/v2\/media?parent=70826"}],"wp:term":[{"taxonomy":"product_cat","embeddable":true,"href":"https:\/\/dualtron-store.com\/index.php\/wp-json\/wp\/v2\/product_cat?post=70826"},{"taxonomy":"product_tag","embeddable":true,"href":"https:\/\/dualtron-store.com\/index.php\/wp-json\/wp\/v2\/product_tag?post=70826"}],"curies":[{"name":"wp","href":"https:\/\/api.w.org\/{rel}","templated":true}]}}