{"id":70481,"date":"2023-12-16T12:02:59","date_gmt":"2023-12-16T11:02:59","guid":{"rendered":"https:\/\/dualtron-store.com\/?post_type=product&#038;p=70481"},"modified":"2026-02-12T09:22:19","modified_gmt":"2026-02-12T08:22:19","slug":"led-avant-blade-x-blanc-orange","status":"publish","type":"product","link":"https:\/\/dualtron-store.com\/index.php\/produit\/led-avant-blade-x-blanc-orange\/","title":{"rendered":"Led avant Blade X blanc\/orange"},"content":{"rendered":"","protected":false},"excerpt":{"rendered":"<p><strong>La trottinette \u00e9lectrique Blade X Blanc\/Orange<\/strong> est une solution de mobilit\u00e9 urbaine moderne et styl\u00e9e. Dot\u00e9e d&#8217;une conception robuste et l\u00e9g\u00e8re, elle offre une exp\u00e9rience de conduite fluide et agile. Son \u00e9clairage LED avant, en couleur blanc\/orange, ajoute non seulement une touche esth\u00e9tique \u00e9l\u00e9gante, mais am\u00e9liore \u00e9galement la visibilit\u00e9 et la s\u00e9curit\u00e9, surtout pendant les d\u00e9placements nocturnes.<\/p>\n<p><strong>Vendue a l&#8217;unit\u00e9<\/strong><\/p>\n","protected":false},"featured_media":70482,"comment_status":"open","ping_status":"closed","template":"","meta":{"om_disable_all_campaigns":false,"_mi_skip_tracking":false,"_monsterinsights_sitenote_active":false,"_monsterinsights_sitenote_note":"","_monsterinsights_sitenote_category":0},"product_cat":[18],"product_tag":[],"aioseo_notices":[],"_links":{"self":[{"href":"https:\/\/dualtron-store.com\/index.php\/wp-json\/wp\/v2\/product\/70481"}],"collection":[{"href":"https:\/\/dualtron-store.com\/index.php\/wp-json\/wp\/v2\/product"}],"about":[{"href":"https:\/\/dualtron-store.com\/index.php\/wp-json\/wp\/v2\/types\/product"}],"replies":[{"embeddable":true,"href":"https:\/\/dualtron-store.com\/index.php\/wp-json\/wp\/v2\/comments?post=70481"}],"wp:featuredmedia":[{"embeddable":true,"href":"https:\/\/dualtron-store.com\/index.php\/wp-json\/wp\/v2\/media\/70482"}],"wp:attachment":[{"href":"https:\/\/dualtron-store.com\/index.php\/wp-json\/wp\/v2\/media?parent=70481"}],"wp:term":[{"taxonomy":"product_cat","embeddable":true,"href":"https:\/\/dualtron-store.com\/index.php\/wp-json\/wp\/v2\/product_cat?post=70481"},{"taxonomy":"product_tag","embeddable":true,"href":"https:\/\/dualtron-store.com\/index.php\/wp-json\/wp\/v2\/product_tag?post=70481"}],"curies":[{"name":"wp","href":"https:\/\/api.w.org\/{rel}","templated":true}]}}