{"id":70433,"date":"2023-12-15T00:15:32","date_gmt":"2023-12-14T23:15:32","guid":{"rendered":"https:\/\/dualtron-store.com\/?post_type=product&#038;p=70433"},"modified":"2026-04-15T02:43:39","modified_gmt":"2026-04-15T00:43:39","slug":"gachette-teverun-fighter-mini","status":"publish","type":"product","link":"https:\/\/dualtron-store.com\/index.php\/produit\/gachette-teverun-fighter-mini\/","title":{"rendered":"Gachette Teverun Fighter Mini"},"content":{"rendered":"","protected":false},"excerpt":{"rendered":"<p><strong>La g\u00e2chette Teverun Fighter Mini<\/strong> est l&#8217;\u00e9l\u00e9ment parfait pour optimiser la commande de votre trottinette \u00e9lectrique. Fabriqu\u00e9e avec pr\u00e9cision pour s&#8217;adapter au mod\u00e8le Fighter Mini, cette g\u00e2chette offre une r\u00e9ponse rapide et pr\u00e9cise, permettant un contr\u00f4le optimal de la vitesse et de la puissance.<\/p>\n","protected":false},"featured_media":70434,"comment_status":"open","ping_status":"closed","template":"","meta":{"om_disable_all_campaigns":false,"_mi_skip_tracking":false,"_monsterinsights_sitenote_active":false,"_monsterinsights_sitenote_note":"","_monsterinsights_sitenote_category":0},"product_cat":[580,633,18],"product_tag":[],"aioseo_notices":[],"_links":{"self":[{"href":"https:\/\/dualtron-store.com\/index.php\/wp-json\/wp\/v2\/product\/70433"}],"collection":[{"href":"https:\/\/dualtron-store.com\/index.php\/wp-json\/wp\/v2\/product"}],"about":[{"href":"https:\/\/dualtron-store.com\/index.php\/wp-json\/wp\/v2\/types\/product"}],"replies":[{"embeddable":true,"href":"https:\/\/dualtron-store.com\/index.php\/wp-json\/wp\/v2\/comments?post=70433"}],"wp:featuredmedia":[{"embeddable":true,"href":"https:\/\/dualtron-store.com\/index.php\/wp-json\/wp\/v2\/media\/70434"}],"wp:attachment":[{"href":"https:\/\/dualtron-store.com\/index.php\/wp-json\/wp\/v2\/media?parent=70433"}],"wp:term":[{"taxonomy":"product_cat","embeddable":true,"href":"https:\/\/dualtron-store.com\/index.php\/wp-json\/wp\/v2\/product_cat?post=70433"},{"taxonomy":"product_tag","embeddable":true,"href":"https:\/\/dualtron-store.com\/index.php\/wp-json\/wp\/v2\/product_tag?post=70433"}],"curies":[{"name":"wp","href":"https:\/\/api.w.org\/{rel}","templated":true}]}}