{"id":70383,"date":"2023-12-14T14:19:57","date_gmt":"2023-12-14T13:19:57","guid":{"rendered":"https:\/\/dualtron-store.com\/?post_type=product&#038;p=70383"},"modified":"2025-08-20T19:54:50","modified_gmt":"2025-08-20T17:54:50","slug":"pneu-dualtron-spider-10x225","status":"publish","type":"product","link":"https:\/\/dualtron-store.com\/index.php\/produit\/pneu-dualtron-spider-10x225\/","title":{"rendered":"Pneu Dualtron Spider 10&#215;2,25"},"content":{"rendered":"","protected":false},"excerpt":{"rendered":"<p>Les pneus Dualtron Spider 10&#215;2,25 offrent une adh\u00e9rence exceptionnelle et une durabilit\u00e9 accrue pour votre trottinette \u00e9lectrique. Con\u00e7us pour une performance optimale, ces pneus garantissent une conduite en douceur sur divers terrains, alliant fiabilit\u00e9 et traction.<\/p>\n","protected":false},"featured_media":70384,"comment_status":"open","ping_status":"closed","template":"","meta":{"om_disable_all_campaigns":false,"_mi_skip_tracking":false,"_monsterinsights_sitenote_active":false,"_monsterinsights_sitenote_note":"","_monsterinsights_sitenote_category":0},"product_cat":[278,18,51],"product_tag":[],"aioseo_notices":[],"_links":{"self":[{"href":"https:\/\/dualtron-store.com\/index.php\/wp-json\/wp\/v2\/product\/70383"}],"collection":[{"href":"https:\/\/dualtron-store.com\/index.php\/wp-json\/wp\/v2\/product"}],"about":[{"href":"https:\/\/dualtron-store.com\/index.php\/wp-json\/wp\/v2\/types\/product"}],"replies":[{"embeddable":true,"href":"https:\/\/dualtron-store.com\/index.php\/wp-json\/wp\/v2\/comments?post=70383"}],"wp:featuredmedia":[{"embeddable":true,"href":"https:\/\/dualtron-store.com\/index.php\/wp-json\/wp\/v2\/media\/70384"}],"wp:attachment":[{"href":"https:\/\/dualtron-store.com\/index.php\/wp-json\/wp\/v2\/media?parent=70383"}],"wp:term":[{"taxonomy":"product_cat","embeddable":true,"href":"https:\/\/dualtron-store.com\/index.php\/wp-json\/wp\/v2\/product_cat?post=70383"},{"taxonomy":"product_tag","embeddable":true,"href":"https:\/\/dualtron-store.com\/index.php\/wp-json\/wp\/v2\/product_tag?post=70383"}],"curies":[{"name":"wp","href":"https:\/\/api.w.org\/{rel}","templated":true}]}}