{"id":70376,"date":"2023-12-14T13:39:29","date_gmt":"2023-12-14T12:39:29","guid":{"rendered":"https:\/\/dualtron-store.com\/?post_type=product&#038;p=70376"},"modified":"2026-01-27T16:38:10","modified_gmt":"2026-01-27T15:38:10","slug":"commodo-single-dual-dualtron-achilleus-2024","status":"publish","type":"product","link":"https:\/\/dualtron-store.com\/index.php\/produit\/commodo-single-dual-dualtron-achilleus-2024\/","title":{"rendered":"Commodo single dual Dualtron Achilleus 2024, Victor Limited"},"content":{"rendered":"","protected":false},"excerpt":{"rendered":"<p><strong>Le commodo Single Dual Dualtron Achilleus 2024<\/strong> repr\u00e9sente l&#8217;\u00e9picentre du contr\u00f4le personnalis\u00e9 pour votre trottinette \u00e9lectrique. Con\u00e7u avec une technologie avanc\u00e9e, il offre une exp\u00e9rience de conduite intuitive et r\u00e9active.<\/p>\n","protected":false},"featured_media":70377,"comment_status":"open","ping_status":"closed","template":"","meta":{"om_disable_all_campaigns":false,"_mi_skip_tracking":false,"_monsterinsights_sitenote_active":false,"_monsterinsights_sitenote_note":"","_monsterinsights_sitenote_category":0},"product_cat":[526,18,51],"product_tag":[],"aioseo_notices":[],"_links":{"self":[{"href":"https:\/\/dualtron-store.com\/index.php\/wp-json\/wp\/v2\/product\/70376"}],"collection":[{"href":"https:\/\/dualtron-store.com\/index.php\/wp-json\/wp\/v2\/product"}],"about":[{"href":"https:\/\/dualtron-store.com\/index.php\/wp-json\/wp\/v2\/types\/product"}],"replies":[{"embeddable":true,"href":"https:\/\/dualtron-store.com\/index.php\/wp-json\/wp\/v2\/comments?post=70376"}],"wp:featuredmedia":[{"embeddable":true,"href":"https:\/\/dualtron-store.com\/index.php\/wp-json\/wp\/v2\/media\/70377"}],"wp:attachment":[{"href":"https:\/\/dualtron-store.com\/index.php\/wp-json\/wp\/v2\/media?parent=70376"}],"wp:term":[{"taxonomy":"product_cat","embeddable":true,"href":"https:\/\/dualtron-store.com\/index.php\/wp-json\/wp\/v2\/product_cat?post=70376"},{"taxonomy":"product_tag","embeddable":true,"href":"https:\/\/dualtron-store.com\/index.php\/wp-json\/wp\/v2\/product_tag?post=70376"}],"curies":[{"name":"wp","href":"https:\/\/api.w.org\/{rel}","templated":true}]}}