{"id":70173,"date":"2023-12-09T13:13:19","date_gmt":"2023-12-09T12:13:19","guid":{"rendered":"https:\/\/dualtron-store.com\/?post_type=product&#038;p=70173"},"modified":"2024-12-09T11:14:27","modified_gmt":"2024-12-09T10:14:27","slug":"controleur-led-dualtron-pop-bimoteur","status":"publish","type":"product","link":"https:\/\/dualtron-store.com\/index.php\/produit\/controleur-led-dualtron-pop-bimoteur\/","title":{"rendered":"Controleur led Dualtron POP (bimoteur)"},"content":{"rendered":"","protected":false},"excerpt":{"rendered":"<p>Le contr\u00f4leur<strong> LED Dualtron POP<\/strong> (bimoteur) est l&#8217;\u00e9l\u00e9ment technologique qui donne vie \u00e0 l&#8217;esth\u00e9tique dynamique de votre trotinette \u00e9lectrique. Con\u00e7u pour les moteurs doubles, ce contr\u00f4leur LED offre des effets lumineux vibrants et personnalisables, ajoutant une touche de style unique \u00e0 votre trajet.<\/p>\n","protected":false},"featured_media":70174,"comment_status":"open","ping_status":"closed","template":"","meta":{"om_disable_all_campaigns":false,"_mi_skip_tracking":false,"_monsterinsights_sitenote_active":false,"_monsterinsights_sitenote_note":"","_monsterinsights_sitenote_category":0},"product_cat":[545,18,51],"product_tag":[],"aioseo_notices":[],"_links":{"self":[{"href":"https:\/\/dualtron-store.com\/index.php\/wp-json\/wp\/v2\/product\/70173"}],"collection":[{"href":"https:\/\/dualtron-store.com\/index.php\/wp-json\/wp\/v2\/product"}],"about":[{"href":"https:\/\/dualtron-store.com\/index.php\/wp-json\/wp\/v2\/types\/product"}],"replies":[{"embeddable":true,"href":"https:\/\/dualtron-store.com\/index.php\/wp-json\/wp\/v2\/comments?post=70173"}],"wp:featuredmedia":[{"embeddable":true,"href":"https:\/\/dualtron-store.com\/index.php\/wp-json\/wp\/v2\/media\/70174"}],"wp:attachment":[{"href":"https:\/\/dualtron-store.com\/index.php\/wp-json\/wp\/v2\/media?parent=70173"}],"wp:term":[{"taxonomy":"product_cat","embeddable":true,"href":"https:\/\/dualtron-store.com\/index.php\/wp-json\/wp\/v2\/product_cat?post=70173"},{"taxonomy":"product_tag","embeddable":true,"href":"https:\/\/dualtron-store.com\/index.php\/wp-json\/wp\/v2\/product_tag?post=70173"}],"curies":[{"name":"wp","href":"https:\/\/api.w.org\/{rel}","templated":true}]}}