{"id":70167,"date":"2023-12-09T13:02:48","date_gmt":"2023-12-09T12:02:48","guid":{"rendered":"https:\/\/dualtron-store.com\/?post_type=product&#038;p=70167"},"modified":"2025-10-25T23:51:46","modified_gmt":"2025-10-25T21:51:46","slug":"moteur-dualtron-pop-bimoteur","status":"publish","type":"product","link":"https:\/\/dualtron-store.com\/index.php\/produit\/moteur-dualtron-pop-bimoteur\/","title":{"rendered":"Moteur Dualtron POP (bimoteur)"},"content":{"rendered":"","protected":false},"excerpt":{"rendered":"<p>Le moteur Dualtron POP (bimoteur) propulse votre trotinette \u00e9lectrique vers des performances exceptionnelles. Avec une puissance \u00e9quilibr\u00e9e entre deux moteurs, cette configuration offre une acc\u00e9l\u00e9ration rapide et une vitesse impressionnante.<\/p>\n","protected":false},"featured_media":70170,"comment_status":"open","ping_status":"closed","template":"","meta":{"om_disable_all_campaigns":false,"_mi_skip_tracking":false,"_monsterinsights_sitenote_active":false,"_monsterinsights_sitenote_note":"","_monsterinsights_sitenote_category":0},"product_cat":[545,18,51],"product_tag":[],"aioseo_notices":[],"_links":{"self":[{"href":"https:\/\/dualtron-store.com\/index.php\/wp-json\/wp\/v2\/product\/70167"}],"collection":[{"href":"https:\/\/dualtron-store.com\/index.php\/wp-json\/wp\/v2\/product"}],"about":[{"href":"https:\/\/dualtron-store.com\/index.php\/wp-json\/wp\/v2\/types\/product"}],"replies":[{"embeddable":true,"href":"https:\/\/dualtron-store.com\/index.php\/wp-json\/wp\/v2\/comments?post=70167"}],"wp:featuredmedia":[{"embeddable":true,"href":"https:\/\/dualtron-store.com\/index.php\/wp-json\/wp\/v2\/media\/70170"}],"wp:attachment":[{"href":"https:\/\/dualtron-store.com\/index.php\/wp-json\/wp\/v2\/media?parent=70167"}],"wp:term":[{"taxonomy":"product_cat","embeddable":true,"href":"https:\/\/dualtron-store.com\/index.php\/wp-json\/wp\/v2\/product_cat?post=70167"},{"taxonomy":"product_tag","embeddable":true,"href":"https:\/\/dualtron-store.com\/index.php\/wp-json\/wp\/v2\/product_tag?post=70167"}],"curies":[{"name":"wp","href":"https:\/\/api.w.org\/{rel}","templated":true}]}}