{"id":70159,"date":"2023-12-09T12:54:24","date_gmt":"2023-12-09T11:54:24","guid":{"rendered":"https:\/\/dualtron-store.com\/?post_type=product&#038;p=70159"},"modified":"2025-04-03T18:28:07","modified_gmt":"2025-04-03T16:28:07","slug":"cache-colonne-de-direction-dualtron-pop","status":"publish","type":"product","link":"https:\/\/dualtron-store.com\/index.php\/produit\/cache-colonne-de-direction-dualtron-pop\/","title":{"rendered":"Cache colonne de direction Dualtron POP"},"content":{"rendered":"","protected":false},"excerpt":{"rendered":"<p>Le cache colonne de direction<strong> Dualtron POP<\/strong> est un accessoire fonctionnel et esth\u00e9tique qui ajoute une touche de finition \u00e0 votre trotinette \u00e9lectrique. Con\u00e7u avec pr\u00e9cision pour s&#8217;adapter \u00e0 la colonne de direction, ce cache prot\u00e8ge efficacement la trotinette contre les \u00e9l\u00e9ments tout en offrant un aspect visuel \u00e9l\u00e9gant.<\/p>\n","protected":false},"featured_media":70160,"comment_status":"open","ping_status":"closed","template":"","meta":{"om_disable_all_campaigns":false,"_mi_skip_tracking":false,"_monsterinsights_sitenote_active":false,"_monsterinsights_sitenote_note":"","_monsterinsights_sitenote_category":0},"product_cat":[545,18,51],"product_tag":[],"aioseo_notices":[],"_links":{"self":[{"href":"https:\/\/dualtron-store.com\/index.php\/wp-json\/wp\/v2\/product\/70159"}],"collection":[{"href":"https:\/\/dualtron-store.com\/index.php\/wp-json\/wp\/v2\/product"}],"about":[{"href":"https:\/\/dualtron-store.com\/index.php\/wp-json\/wp\/v2\/types\/product"}],"replies":[{"embeddable":true,"href":"https:\/\/dualtron-store.com\/index.php\/wp-json\/wp\/v2\/comments?post=70159"}],"wp:featuredmedia":[{"embeddable":true,"href":"https:\/\/dualtron-store.com\/index.php\/wp-json\/wp\/v2\/media\/70160"}],"wp:attachment":[{"href":"https:\/\/dualtron-store.com\/index.php\/wp-json\/wp\/v2\/media?parent=70159"}],"wp:term":[{"taxonomy":"product_cat","embeddable":true,"href":"https:\/\/dualtron-store.com\/index.php\/wp-json\/wp\/v2\/product_cat?post=70159"},{"taxonomy":"product_tag","embeddable":true,"href":"https:\/\/dualtron-store.com\/index.php\/wp-json\/wp\/v2\/product_tag?post=70159"}],"curies":[{"name":"wp","href":"https:\/\/api.w.org\/{rel}","templated":true}]}}