{"id":70079,"date":"2023-12-07T16:58:35","date_gmt":"2023-12-07T15:58:35","guid":{"rendered":"https:\/\/dualtron-store.com\/?post_type=product&#038;p=70079"},"modified":"2023-12-11T14:13:13","modified_gmt":"2023-12-11T13:13:13","slug":"reflecteur-lateral-de-colonne-de-direction-dualtron-pop","status":"publish","type":"product","link":"https:\/\/dualtron-store.com\/index.php\/produit\/reflecteur-lateral-de-colonne-de-direction-dualtron-pop\/","title":{"rendered":"R\u00e9flecteur lateral de colonne de direction Dualtron POP"},"content":{"rendered":"","protected":false},"excerpt":{"rendered":"<p>Le r\u00e9flecteur lat\u00e9ral de colonne de direction Dualtron POP est un accessoire pratique et s\u00e9curitaire con\u00e7u pour am\u00e9liorer la visibilit\u00e9 de votre trotinette \u00e9lectrique. Install\u00e9 strat\u00e9giquement sur la colonne de direction, ce r\u00e9flecteur offre une signalisation lat\u00e9rale claire, contribuant \u00e0 une meilleure d\u00e9tection par les autres usagers de la route, surtout dans des conditions de faible luminosit\u00e9.<\/p>\n","protected":false},"featured_media":70082,"comment_status":"open","ping_status":"closed","template":"","meta":{"om_disable_all_campaigns":false,"_mi_skip_tracking":false,"_monsterinsights_sitenote_active":false,"_monsterinsights_sitenote_note":"","_monsterinsights_sitenote_category":0},"product_cat":[545,18,51],"product_tag":[],"aioseo_notices":[],"_links":{"self":[{"href":"https:\/\/dualtron-store.com\/index.php\/wp-json\/wp\/v2\/product\/70079"}],"collection":[{"href":"https:\/\/dualtron-store.com\/index.php\/wp-json\/wp\/v2\/product"}],"about":[{"href":"https:\/\/dualtron-store.com\/index.php\/wp-json\/wp\/v2\/types\/product"}],"replies":[{"embeddable":true,"href":"https:\/\/dualtron-store.com\/index.php\/wp-json\/wp\/v2\/comments?post=70079"}],"wp:featuredmedia":[{"embeddable":true,"href":"https:\/\/dualtron-store.com\/index.php\/wp-json\/wp\/v2\/media\/70082"}],"wp:attachment":[{"href":"https:\/\/dualtron-store.com\/index.php\/wp-json\/wp\/v2\/media?parent=70079"}],"wp:term":[{"taxonomy":"product_cat","embeddable":true,"href":"https:\/\/dualtron-store.com\/index.php\/wp-json\/wp\/v2\/product_cat?post=70079"},{"taxonomy":"product_tag","embeddable":true,"href":"https:\/\/dualtron-store.com\/index.php\/wp-json\/wp\/v2\/product_tag?post=70079"}],"curies":[{"name":"wp","href":"https:\/\/api.w.org\/{rel}","templated":true}]}}