{"id":70054,"date":"2023-12-07T16:22:39","date_gmt":"2023-12-07T15:22:39","guid":{"rendered":"https:\/\/dualtron-store.com\/?post_type=product&#038;p=70054"},"modified":"2025-02-19T20:17:59","modified_gmt":"2025-02-19T19:17:59","slug":"sticker-autocollant-de-cache-de-fourche-dualtron-pop","status":"publish","type":"product","link":"https:\/\/dualtron-store.com\/index.php\/produit\/sticker-autocollant-de-cache-de-fourche-dualtron-pop\/","title":{"rendered":"Sticker autocollant de cache de fourche Dualtron POP"},"content":{"rendered":"","protected":false},"excerpt":{"rendered":"<p><strong>Le sticker autocollant de cache de fourche Dualtron POP<\/strong> est une solution esth\u00e9tique et pratique pour personnaliser votre trottinette \u00e9lectrique Dualtron POP. Con\u00e7u sp\u00e9cifiquement pour la fourche de ce mod\u00e8le, ce sticker autocollant offre une mani\u00e8re simple et efficace de donner une touche unique \u00e0 votre engin.<\/p>\n<p><strong>Vendu \u00e0 l&#8217;unit\u00e9.<\/strong><\/p>\n","protected":false},"featured_media":70055,"comment_status":"open","ping_status":"closed","template":"","meta":{"om_disable_all_campaigns":false,"_mi_skip_tracking":false,"_monsterinsights_sitenote_active":false,"_monsterinsights_sitenote_note":"","_monsterinsights_sitenote_category":0},"product_cat":[545,18,51],"product_tag":[],"aioseo_notices":[],"_links":{"self":[{"href":"https:\/\/dualtron-store.com\/index.php\/wp-json\/wp\/v2\/product\/70054"}],"collection":[{"href":"https:\/\/dualtron-store.com\/index.php\/wp-json\/wp\/v2\/product"}],"about":[{"href":"https:\/\/dualtron-store.com\/index.php\/wp-json\/wp\/v2\/types\/product"}],"replies":[{"embeddable":true,"href":"https:\/\/dualtron-store.com\/index.php\/wp-json\/wp\/v2\/comments?post=70054"}],"wp:featuredmedia":[{"embeddable":true,"href":"https:\/\/dualtron-store.com\/index.php\/wp-json\/wp\/v2\/media\/70055"}],"wp:attachment":[{"href":"https:\/\/dualtron-store.com\/index.php\/wp-json\/wp\/v2\/media?parent=70054"}],"wp:term":[{"taxonomy":"product_cat","embeddable":true,"href":"https:\/\/dualtron-store.com\/index.php\/wp-json\/wp\/v2\/product_cat?post=70054"},{"taxonomy":"product_tag","embeddable":true,"href":"https:\/\/dualtron-store.com\/index.php\/wp-json\/wp\/v2\/product_tag?post=70054"}],"curies":[{"name":"wp","href":"https:\/\/api.w.org\/{rel}","templated":true}]}}