{"id":70046,"date":"2023-12-07T16:15:02","date_gmt":"2023-12-07T15:15:02","guid":{"rendered":"https:\/\/dualtron-store.com\/?post_type=product&#038;p=70046"},"modified":"2024-03-22T19:24:09","modified_gmt":"2024-03-22T18:24:09","slug":"cache-led-avant-dualtron-pop","status":"publish","type":"product","link":"https:\/\/dualtron-store.com\/index.php\/produit\/cache-led-avant-dualtron-pop\/","title":{"rendered":"Cache led avant Dualtron POP"},"content":{"rendered":"","protected":false},"excerpt":{"rendered":"<p>La trottinette \u00e9lectrique<strong> Dualtron POP<\/strong> se distingue par son cache LED avant, ajoutant \u00e0 la fois style et fonctionnalit\u00e9 \u00e0 votre trajet. Gr\u00e2ce \u00e0 son design \u00e9l\u00e9gant, ce cache LED offre une esth\u00e9tique moderne et accrocheuse tout en am\u00e9liorant la visibilit\u00e9 pendant vos d\u00e9placements.<\/p>\n","protected":false},"featured_media":70047,"comment_status":"open","ping_status":"closed","template":"","meta":{"om_disable_all_campaigns":false,"_mi_skip_tracking":false,"_monsterinsights_sitenote_active":false,"_monsterinsights_sitenote_note":"","_monsterinsights_sitenote_category":0},"product_cat":[545,18,51],"product_tag":[],"aioseo_notices":[],"_links":{"self":[{"href":"https:\/\/dualtron-store.com\/index.php\/wp-json\/wp\/v2\/product\/70046"}],"collection":[{"href":"https:\/\/dualtron-store.com\/index.php\/wp-json\/wp\/v2\/product"}],"about":[{"href":"https:\/\/dualtron-store.com\/index.php\/wp-json\/wp\/v2\/types\/product"}],"replies":[{"embeddable":true,"href":"https:\/\/dualtron-store.com\/index.php\/wp-json\/wp\/v2\/comments?post=70046"}],"wp:featuredmedia":[{"embeddable":true,"href":"https:\/\/dualtron-store.com\/index.php\/wp-json\/wp\/v2\/media\/70047"}],"wp:attachment":[{"href":"https:\/\/dualtron-store.com\/index.php\/wp-json\/wp\/v2\/media?parent=70046"}],"wp:term":[{"taxonomy":"product_cat","embeddable":true,"href":"https:\/\/dualtron-store.com\/index.php\/wp-json\/wp\/v2\/product_cat?post=70046"},{"taxonomy":"product_tag","embeddable":true,"href":"https:\/\/dualtron-store.com\/index.php\/wp-json\/wp\/v2\/product_tag?post=70046"}],"curies":[{"name":"wp","href":"https:\/\/api.w.org\/{rel}","templated":true}]}}