{"id":69159,"date":"2023-11-15T12:36:18","date_gmt":"2023-11-15T11:36:18","guid":{"rendered":"https:\/\/dualtron-store.com\/?post_type=product&#038;p=69159"},"modified":"2025-11-12T16:44:00","modified_gmt":"2025-11-12T15:44:00","slug":"cache-de-phare-dualtron-pop","status":"publish","type":"product","link":"https:\/\/dualtron-store.com\/index.php\/produit\/cache-de-phare-dualtron-pop\/","title":{"rendered":"CACHE DE PHARE AVEC 2 PHARES &#8211; DUALTRON POP"},"content":{"rendered":"","protected":false},"excerpt":{"rendered":"<p>Le cache de phare de la trottinette \u00e9lectrique Dualtron Pop allie fonctionnalit\u00e9 et esth\u00e9tique pour offrir une solution pratique et \u00e9l\u00e9gante. Con\u00e7u sp\u00e9cifiquement pour s&#8217;adapter au phare de la <strong>Dualtron Pop<\/strong>, ce cache assure une protection efficace contre les \u00e9l\u00e9ments tout en ajoutant une touche de style \u00e0 la trottinette.<\/p>\n","protected":false},"featured_media":86899,"comment_status":"open","ping_status":"closed","template":"","meta":{"om_disable_all_campaigns":false,"_mi_skip_tracking":false,"_monsterinsights_sitenote_active":false,"_monsterinsights_sitenote_note":"","_monsterinsights_sitenote_category":0},"product_cat":[545,18,51],"product_tag":[],"aioseo_notices":[],"_links":{"self":[{"href":"https:\/\/dualtron-store.com\/index.php\/wp-json\/wp\/v2\/product\/69159"}],"collection":[{"href":"https:\/\/dualtron-store.com\/index.php\/wp-json\/wp\/v2\/product"}],"about":[{"href":"https:\/\/dualtron-store.com\/index.php\/wp-json\/wp\/v2\/types\/product"}],"replies":[{"embeddable":true,"href":"https:\/\/dualtron-store.com\/index.php\/wp-json\/wp\/v2\/comments?post=69159"}],"wp:featuredmedia":[{"embeddable":true,"href":"https:\/\/dualtron-store.com\/index.php\/wp-json\/wp\/v2\/media\/86899"}],"wp:attachment":[{"href":"https:\/\/dualtron-store.com\/index.php\/wp-json\/wp\/v2\/media?parent=69159"}],"wp:term":[{"taxonomy":"product_cat","embeddable":true,"href":"https:\/\/dualtron-store.com\/index.php\/wp-json\/wp\/v2\/product_cat?post=69159"},{"taxonomy":"product_tag","embeddable":true,"href":"https:\/\/dualtron-store.com\/index.php\/wp-json\/wp\/v2\/product_tag?post=69159"}],"curies":[{"name":"wp","href":"https:\/\/api.w.org\/{rel}","templated":true}]}}