{"id":68756,"date":"2023-11-04T12:27:35","date_gmt":"2023-11-04T11:27:35","guid":{"rendered":"https:\/\/dualtron-store.com\/?post_type=product&#038;p=68756"},"modified":"2026-02-10T23:02:27","modified_gmt":"2026-02-10T22:02:27","slug":"bloc-suspension-arriere-speedway-5","status":"publish","type":"product","link":"https:\/\/dualtron-store.com\/index.php\/produit\/bloc-suspension-arriere-speedway-5\/","title":{"rendered":"Bloc suspension arri\u00e8re speedway 5 &#8211; Rovoron Kullter"},"content":{"rendered":"","protected":false},"excerpt":{"rendered":"<p>Le bloc de suspension arri\u00e8re Speedway 5 est une pi\u00e8ce de rechange sp\u00e9cifiquement con\u00e7ue pour les trottinettes \u00e9lectriques Speedway 5. Cette composante essentielle assure une suspension arri\u00e8re optimale, contribuant ainsi \u00e0 une conduite confortable et stable.<\/p>\n","protected":false},"featured_media":68757,"comment_status":"open","ping_status":"closed","template":"","meta":{"om_disable_all_campaigns":false,"_mi_skip_tracking":false,"_monsterinsights_sitenote_active":false,"_monsterinsights_sitenote_note":"","_monsterinsights_sitenote_category":0},"product_cat":[282,18,52],"product_tag":[],"aioseo_notices":[],"_links":{"self":[{"href":"https:\/\/dualtron-store.com\/index.php\/wp-json\/wp\/v2\/product\/68756"}],"collection":[{"href":"https:\/\/dualtron-store.com\/index.php\/wp-json\/wp\/v2\/product"}],"about":[{"href":"https:\/\/dualtron-store.com\/index.php\/wp-json\/wp\/v2\/types\/product"}],"replies":[{"embeddable":true,"href":"https:\/\/dualtron-store.com\/index.php\/wp-json\/wp\/v2\/comments?post=68756"}],"wp:featuredmedia":[{"embeddable":true,"href":"https:\/\/dualtron-store.com\/index.php\/wp-json\/wp\/v2\/media\/68757"}],"wp:attachment":[{"href":"https:\/\/dualtron-store.com\/index.php\/wp-json\/wp\/v2\/media?parent=68756"}],"wp:term":[{"taxonomy":"product_cat","embeddable":true,"href":"https:\/\/dualtron-store.com\/index.php\/wp-json\/wp\/v2\/product_cat?post=68756"},{"taxonomy":"product_tag","embeddable":true,"href":"https:\/\/dualtron-store.com\/index.php\/wp-json\/wp\/v2\/product_tag?post=68756"}],"curies":[{"name":"wp","href":"https:\/\/api.w.org\/{rel}","templated":true}]}}