{"id":68634,"date":"2023-11-02T15:06:45","date_gmt":"2023-11-02T14:06:45","guid":{"rendered":"https:\/\/dualtron-store.com\/?post_type=product&#038;p=68634"},"modified":"2025-10-26T00:20:28","modified_gmt":"2025-10-25T22:20:28","slug":"roue-avant-increvable-pneu-plein","status":"publish","type":"product","link":"https:\/\/dualtron-store.com\/index.php\/produit\/roue-avant-increvable-pneu-plein\/","title":{"rendered":"ROUE AVANT INCREVABLE PNEU PLEIN DUALTRON MINI"},"content":{"rendered":"","protected":false},"excerpt":{"rendered":"<p>La Roue Avant Increvable avec Pneu Plein est l&#8217;accessoire parfait con\u00e7u sp\u00e9cifiquement pour la trottinette \u00e9lectrique <strong>Dualtron Mini.<\/strong> Elle est id\u00e9ale pour \u00e9liminer les tracas des crevaisons, offrant une solution durable et fiable pour cette trottinette particuli\u00e8re. Roulez en toute confiance, m\u00eame sur des terrains difficiles, sans vous soucier des crevaisons.<\/p>\n","protected":false},"featured_media":68636,"comment_status":"open","ping_status":"closed","template":"","meta":{"om_disable_all_campaigns":false,"_mi_skip_tracking":false,"_monsterinsights_sitenote_active":false,"_monsterinsights_sitenote_note":"","_monsterinsights_sitenote_category":0},"product_cat":[287,51],"product_tag":[],"aioseo_notices":[],"_links":{"self":[{"href":"https:\/\/dualtron-store.com\/index.php\/wp-json\/wp\/v2\/product\/68634"}],"collection":[{"href":"https:\/\/dualtron-store.com\/index.php\/wp-json\/wp\/v2\/product"}],"about":[{"href":"https:\/\/dualtron-store.com\/index.php\/wp-json\/wp\/v2\/types\/product"}],"replies":[{"embeddable":true,"href":"https:\/\/dualtron-store.com\/index.php\/wp-json\/wp\/v2\/comments?post=68634"}],"wp:featuredmedia":[{"embeddable":true,"href":"https:\/\/dualtron-store.com\/index.php\/wp-json\/wp\/v2\/media\/68636"}],"wp:attachment":[{"href":"https:\/\/dualtron-store.com\/index.php\/wp-json\/wp\/v2\/media?parent=68634"}],"wp:term":[{"taxonomy":"product_cat","embeddable":true,"href":"https:\/\/dualtron-store.com\/index.php\/wp-json\/wp\/v2\/product_cat?post=68634"},{"taxonomy":"product_tag","embeddable":true,"href":"https:\/\/dualtron-store.com\/index.php\/wp-json\/wp\/v2\/product_tag?post=68634"}],"curies":[{"name":"wp","href":"https:\/\/api.w.org\/{rel}","templated":true}]}}