{"id":68616,"date":"2023-11-02T11:31:47","date_gmt":"2023-11-02T10:31:47","guid":{"rendered":"https:\/\/dualtron-store.com\/?post_type=product&#038;p=68616"},"modified":"2024-11-21T11:52:42","modified_gmt":"2024-11-21T10:52:42","slug":"led-lateral-gauche-dualtron-pop","status":"publish","type":"product","link":"https:\/\/dualtron-store.com\/index.php\/produit\/led-lateral-gauche-dualtron-pop\/","title":{"rendered":"LED LAT\u00c9RAL GAUCHE DUALTRON POP"},"content":{"rendered":"","protected":false},"excerpt":{"rendered":"<p><strong>Le LED Lat\u00e9ral Gauche Dualtron Pop<\/strong> est un accessoire lumineux con\u00e7u sp\u00e9cifiquement pour les trottinettes \u00e9lectriques Dualtron Pop. Dot\u00e9 de la derni\u00e8re technologie <strong>LED<\/strong>, il offre une solution \u00e9l\u00e9gante pour augmenter votre visibilit\u00e9 sur la route, am\u00e9liorant ainsi la s\u00e9curit\u00e9 lors de vos d\u00e9placements nocturnes.<\/p>\n","protected":false},"featured_media":68617,"comment_status":"open","ping_status":"closed","template":"","meta":{"om_disable_all_campaigns":false,"_mi_skip_tracking":false,"_monsterinsights_sitenote_active":false,"_monsterinsights_sitenote_note":"","_monsterinsights_sitenote_category":0},"product_cat":[545,18],"product_tag":[],"aioseo_notices":[],"_links":{"self":[{"href":"https:\/\/dualtron-store.com\/index.php\/wp-json\/wp\/v2\/product\/68616"}],"collection":[{"href":"https:\/\/dualtron-store.com\/index.php\/wp-json\/wp\/v2\/product"}],"about":[{"href":"https:\/\/dualtron-store.com\/index.php\/wp-json\/wp\/v2\/types\/product"}],"replies":[{"embeddable":true,"href":"https:\/\/dualtron-store.com\/index.php\/wp-json\/wp\/v2\/comments?post=68616"}],"wp:featuredmedia":[{"embeddable":true,"href":"https:\/\/dualtron-store.com\/index.php\/wp-json\/wp\/v2\/media\/68617"}],"wp:attachment":[{"href":"https:\/\/dualtron-store.com\/index.php\/wp-json\/wp\/v2\/media?parent=68616"}],"wp:term":[{"taxonomy":"product_cat","embeddable":true,"href":"https:\/\/dualtron-store.com\/index.php\/wp-json\/wp\/v2\/product_cat?post=68616"},{"taxonomy":"product_tag","embeddable":true,"href":"https:\/\/dualtron-store.com\/index.php\/wp-json\/wp\/v2\/product_tag?post=68616"}],"curies":[{"name":"wp","href":"https:\/\/api.w.org\/{rel}","templated":true}]}}