{"id":68613,"date":"2023-11-02T11:17:48","date_gmt":"2023-11-02T10:17:48","guid":{"rendered":"https:\/\/dualtron-store.com\/?post_type=product&#038;p=68613"},"modified":"2024-11-21T11:50:30","modified_gmt":"2024-11-21T10:50:30","slug":"led-lateral-droit-dualtron-pop","status":"publish","type":"product","link":"https:\/\/dualtron-store.com\/index.php\/produit\/led-lateral-droit-dualtron-pop\/","title":{"rendered":"LED LAT\u00c9RAL DROIT DUALTRON POP"},"content":{"rendered":"","protected":false},"excerpt":{"rendered":"<p>Le <strong>LED Lat\u00e9ral Droit Dualtron Pop<\/strong> est un accessoire lumineux con\u00e7u pour les trottinettes \u00e9lectriques Dualtron Pop. Avec sa conception soign\u00e9e et sa technologie LED de qualit\u00e9, il ajoute une touche de style et am\u00e9liore la visibilit\u00e9 sur la route.<\/p>\n","protected":false},"featured_media":68615,"comment_status":"open","ping_status":"closed","template":"","meta":{"om_disable_all_campaigns":false,"_mi_skip_tracking":false,"_monsterinsights_sitenote_active":false,"_monsterinsights_sitenote_note":"","_monsterinsights_sitenote_category":0},"product_cat":[545,18,51],"product_tag":[],"aioseo_notices":[],"_links":{"self":[{"href":"https:\/\/dualtron-store.com\/index.php\/wp-json\/wp\/v2\/product\/68613"}],"collection":[{"href":"https:\/\/dualtron-store.com\/index.php\/wp-json\/wp\/v2\/product"}],"about":[{"href":"https:\/\/dualtron-store.com\/index.php\/wp-json\/wp\/v2\/types\/product"}],"replies":[{"embeddable":true,"href":"https:\/\/dualtron-store.com\/index.php\/wp-json\/wp\/v2\/comments?post=68613"}],"wp:featuredmedia":[{"embeddable":true,"href":"https:\/\/dualtron-store.com\/index.php\/wp-json\/wp\/v2\/media\/68615"}],"wp:attachment":[{"href":"https:\/\/dualtron-store.com\/index.php\/wp-json\/wp\/v2\/media?parent=68613"}],"wp:term":[{"taxonomy":"product_cat","embeddable":true,"href":"https:\/\/dualtron-store.com\/index.php\/wp-json\/wp\/v2\/product_cat?post=68613"},{"taxonomy":"product_tag","embeddable":true,"href":"https:\/\/dualtron-store.com\/index.php\/wp-json\/wp\/v2\/product_tag?post=68613"}],"curies":[{"name":"wp","href":"https:\/\/api.w.org\/{rel}","templated":true}]}}