{"id":68312,"date":"2023-10-26T12:47:32","date_gmt":"2023-10-26T10:47:32","guid":{"rendered":"https:\/\/dualtron-store.com\/?post_type=product&#038;p=68312"},"modified":"2024-11-21T11:50:58","modified_gmt":"2024-11-21T10:50:58","slug":"systeme-de-pliage-avant-complet-dualtron-mini","status":"publish","type":"product","link":"https:\/\/dualtron-store.com\/index.php\/produit\/systeme-de-pliage-avant-complet-dualtron-mini\/","title":{"rendered":"SYST\u00c8ME DE PLIAGE AVANT COMPLET &#8211; DUALTRON MINI"},"content":{"rendered":"","protected":false},"excerpt":{"rendered":"<p>Le syst\u00e8me de pliage avant complet pour <strong>Dualtron Mini<\/strong> est l&#8217;accessoire parfait pour les propri\u00e9taires de trottinettes \u00e9lectriques Dualtron Mini. Cette pi\u00e8ce de rechange vous permet de replier facilement et en toute s\u00e9curit\u00e9 le guidon de votre trottinette, ce qui la rend plus compacte et facile \u00e0 transporter. De plus, il est \u00e9quip\u00e9 de <strong>LED int\u00e9gr\u00e9es<\/strong> pour une visibilit\u00e9 accrue la nuit, am\u00e9liorant ainsi votre s\u00e9curit\u00e9 sur la route.<\/p>\n","protected":false},"featured_media":68315,"comment_status":"open","ping_status":"closed","template":"","meta":{"om_disable_all_campaigns":false,"_mi_skip_tracking":false,"_monsterinsights_sitenote_active":false,"_monsterinsights_sitenote_note":"","_monsterinsights_sitenote_category":0},"product_cat":[287,18,51],"product_tag":[],"aioseo_notices":[],"_links":{"self":[{"href":"https:\/\/dualtron-store.com\/index.php\/wp-json\/wp\/v2\/product\/68312"}],"collection":[{"href":"https:\/\/dualtron-store.com\/index.php\/wp-json\/wp\/v2\/product"}],"about":[{"href":"https:\/\/dualtron-store.com\/index.php\/wp-json\/wp\/v2\/types\/product"}],"replies":[{"embeddable":true,"href":"https:\/\/dualtron-store.com\/index.php\/wp-json\/wp\/v2\/comments?post=68312"}],"wp:featuredmedia":[{"embeddable":true,"href":"https:\/\/dualtron-store.com\/index.php\/wp-json\/wp\/v2\/media\/68315"}],"wp:attachment":[{"href":"https:\/\/dualtron-store.com\/index.php\/wp-json\/wp\/v2\/media?parent=68312"}],"wp:term":[{"taxonomy":"product_cat","embeddable":true,"href":"https:\/\/dualtron-store.com\/index.php\/wp-json\/wp\/v2\/product_cat?post=68312"},{"taxonomy":"product_tag","embeddable":true,"href":"https:\/\/dualtron-store.com\/index.php\/wp-json\/wp\/v2\/product_tag?post=68312"}],"curies":[{"name":"wp","href":"https:\/\/api.w.org\/{rel}","templated":true}]}}