{"id":68182,"date":"2023-10-22T23:23:39","date_gmt":"2023-10-22T21:23:39","guid":{"rendered":"https:\/\/dualtron-store.com\/?post_type=product&#038;p=68182"},"modified":"2025-12-07T21:50:35","modified_gmt":"2025-12-07T20:50:35","slug":"moteur-dualtron-spider-2","status":"publish","type":"product","link":"https:\/\/dualtron-store.com\/index.php\/produit\/moteur-dualtron-spider-2\/","title":{"rendered":"Moteur Dualtron Spider 2"},"content":{"rendered":"","protected":false},"excerpt":{"rendered":"<p><strong>Le Moteur Dualtron Spider 2<\/strong> est le c\u0153ur de la trottinette \u00e9lectrique Dualtron Spider 2. Puissant et fiable, ce moteur offre une acc\u00e9l\u00e9ration rapide et une vitesse \u00e9lev\u00e9e pour une exp\u00e9rience de conduite \u00e9lectrisante.<\/p>\n","protected":false},"featured_media":68183,"comment_status":"open","ping_status":"closed","template":"","meta":{"om_disable_all_campaigns":false,"_mi_skip_tracking":false,"_monsterinsights_sitenote_active":false,"_monsterinsights_sitenote_note":"","_monsterinsights_sitenote_category":0},"product_cat":[18,51],"product_tag":[],"aioseo_notices":[],"_links":{"self":[{"href":"https:\/\/dualtron-store.com\/index.php\/wp-json\/wp\/v2\/product\/68182"}],"collection":[{"href":"https:\/\/dualtron-store.com\/index.php\/wp-json\/wp\/v2\/product"}],"about":[{"href":"https:\/\/dualtron-store.com\/index.php\/wp-json\/wp\/v2\/types\/product"}],"replies":[{"embeddable":true,"href":"https:\/\/dualtron-store.com\/index.php\/wp-json\/wp\/v2\/comments?post=68182"}],"wp:featuredmedia":[{"embeddable":true,"href":"https:\/\/dualtron-store.com\/index.php\/wp-json\/wp\/v2\/media\/68183"}],"wp:attachment":[{"href":"https:\/\/dualtron-store.com\/index.php\/wp-json\/wp\/v2\/media?parent=68182"}],"wp:term":[{"taxonomy":"product_cat","embeddable":true,"href":"https:\/\/dualtron-store.com\/index.php\/wp-json\/wp\/v2\/product_cat?post=68182"},{"taxonomy":"product_tag","embeddable":true,"href":"https:\/\/dualtron-store.com\/index.php\/wp-json\/wp\/v2\/product_tag?post=68182"}],"curies":[{"name":"wp","href":"https:\/\/api.w.org\/{rel}","templated":true}]}}