{"id":68166,"date":"2023-10-22T22:49:59","date_gmt":"2023-10-22T20:49:59","guid":{"rendered":"https:\/\/dualtron-store.com\/?post_type=product&#038;p=68166"},"modified":"2025-07-04T00:47:55","modified_gmt":"2025-07-03T22:47:55","slug":"gachette-accelerateur-teverun-fighter","status":"publish","type":"product","link":"https:\/\/dualtron-store.com\/index.php\/produit\/gachette-accelerateur-teverun-fighter\/","title":{"rendered":"Gachette acc\u00e9l\u00e9rateur Teverun Fighter"},"content":{"rendered":"","protected":false},"excerpt":{"rendered":"<p>La Gachette Acc\u00e9l\u00e9ratrice Teverun Fighter est le moyen id\u00e9al pour contr\u00f4ler la puissance de votre trottinette \u00e9lectrique Teverun Fighter. Con\u00e7ue pour une r\u00e9ponse pr\u00e9cise et une acc\u00e9l\u00e9ration en douceur, cette g\u00e2chette offre un contr\u00f4le total sur votre vitesse. Son design ergonomique la rend confortable \u00e0 utiliser, tandis que sa robustesse garantit une durabilit\u00e9 \u00e0 long terme.<\/p>\n","protected":false},"featured_media":68167,"comment_status":"open","ping_status":"closed","template":"","meta":{"om_disable_all_campaigns":false,"_mi_skip_tracking":false,"_monsterinsights_sitenote_active":false,"_monsterinsights_sitenote_note":"","_monsterinsights_sitenote_category":0},"product_cat":[580,18],"product_tag":[],"aioseo_notices":[],"_links":{"self":[{"href":"https:\/\/dualtron-store.com\/index.php\/wp-json\/wp\/v2\/product\/68166"}],"collection":[{"href":"https:\/\/dualtron-store.com\/index.php\/wp-json\/wp\/v2\/product"}],"about":[{"href":"https:\/\/dualtron-store.com\/index.php\/wp-json\/wp\/v2\/types\/product"}],"replies":[{"embeddable":true,"href":"https:\/\/dualtron-store.com\/index.php\/wp-json\/wp\/v2\/comments?post=68166"}],"wp:featuredmedia":[{"embeddable":true,"href":"https:\/\/dualtron-store.com\/index.php\/wp-json\/wp\/v2\/media\/68167"}],"wp:attachment":[{"href":"https:\/\/dualtron-store.com\/index.php\/wp-json\/wp\/v2\/media?parent=68166"}],"wp:term":[{"taxonomy":"product_cat","embeddable":true,"href":"https:\/\/dualtron-store.com\/index.php\/wp-json\/wp\/v2\/product_cat?post=68166"},{"taxonomy":"product_tag","embeddable":true,"href":"https:\/\/dualtron-store.com\/index.php\/wp-json\/wp\/v2\/product_tag?post=68166"}],"curies":[{"name":"wp","href":"https:\/\/api.w.org\/{rel}","templated":true}]}}