{"id":68162,"date":"2023-10-22T22:43:46","date_gmt":"2023-10-22T20:43:46","guid":{"rendered":"https:\/\/dualtron-store.com\/?post_type=product&#038;p=68162"},"modified":"2023-12-13T14:58:02","modified_gmt":"2023-12-13T13:58:02","slug":"led-arriere-teverun-fighter","status":"publish","type":"product","link":"https:\/\/dualtron-store.com\/index.php\/produit\/led-arriere-teverun-fighter\/","title":{"rendered":"Led arri\u00e8re Teverun Fighter"},"content":{"rendered":"","protected":false},"excerpt":{"rendered":"<p>Les feux arri\u00e8re LED Teverun Fighter sont l&#8217;accessoire parfait pour am\u00e9liorer l&#8217;esth\u00e9tique et la visibilit\u00e9 de votre v\u00e9hicule. Con\u00e7us avec un design moderne et agressif, ces feux arri\u00e8re sont non seulement \u00e9l\u00e9gants, mais aussi fonctionnels.<\/p>\n","protected":false},"featured_media":68163,"comment_status":"open","ping_status":"closed","template":"","meta":{"om_disable_all_campaigns":false,"_mi_skip_tracking":false,"_monsterinsights_sitenote_active":false,"_monsterinsights_sitenote_note":"","_monsterinsights_sitenote_category":0},"product_cat":[580,18],"product_tag":[],"aioseo_notices":[],"_links":{"self":[{"href":"https:\/\/dualtron-store.com\/index.php\/wp-json\/wp\/v2\/product\/68162"}],"collection":[{"href":"https:\/\/dualtron-store.com\/index.php\/wp-json\/wp\/v2\/product"}],"about":[{"href":"https:\/\/dualtron-store.com\/index.php\/wp-json\/wp\/v2\/types\/product"}],"replies":[{"embeddable":true,"href":"https:\/\/dualtron-store.com\/index.php\/wp-json\/wp\/v2\/comments?post=68162"}],"wp:featuredmedia":[{"embeddable":true,"href":"https:\/\/dualtron-store.com\/index.php\/wp-json\/wp\/v2\/media\/68163"}],"wp:attachment":[{"href":"https:\/\/dualtron-store.com\/index.php\/wp-json\/wp\/v2\/media?parent=68162"}],"wp:term":[{"taxonomy":"product_cat","embeddable":true,"href":"https:\/\/dualtron-store.com\/index.php\/wp-json\/wp\/v2\/product_cat?post=68162"},{"taxonomy":"product_tag","embeddable":true,"href":"https:\/\/dualtron-store.com\/index.php\/wp-json\/wp\/v2\/product_tag?post=68162"}],"curies":[{"name":"wp","href":"https:\/\/api.w.org\/{rel}","templated":true}]}}