{"id":67479,"date":"2023-10-09T13:01:21","date_gmt":"2023-10-09T11:01:21","guid":{"rendered":"https:\/\/dualtron-store.com\/?post_type=product&#038;p=67479"},"modified":"2024-02-07T16:42:35","modified_gmt":"2024-02-07T15:42:35","slug":"roulement-de-direction-blade-x","status":"publish","type":"product","link":"https:\/\/dualtron-store.com\/index.php\/produit\/roulement-de-direction-blade-x\/","title":{"rendered":"Roulement de direction Blade X"},"content":{"rendered":"","protected":false},"excerpt":{"rendered":"<p>Roulement de direction <strong>Blade X<\/strong><\/p>\n<p>Le roulement de direction <strong>Blade X<\/strong> est un composant de haute qualit\u00e9 qui assure une rotation fluide et pr\u00e9cise de votre trottinette \u00e9lectrique, am\u00e9liorant ainsi la maniabilit\u00e9 et la s\u00e9curit\u00e9 de votre conduite.<\/p>\n<p><strong>(Vendu \u00e0 l&#8217;unit\u00e9)<\/strong><\/p>\n","protected":false},"featured_media":67480,"comment_status":"open","ping_status":"closed","template":"","meta":{"om_disable_all_campaigns":false,"_mi_skip_tracking":false,"_monsterinsights_sitenote_active":false,"_monsterinsights_sitenote_note":"","_monsterinsights_sitenote_category":0},"product_cat":[18],"product_tag":[],"aioseo_notices":[],"_links":{"self":[{"href":"https:\/\/dualtron-store.com\/index.php\/wp-json\/wp\/v2\/product\/67479"}],"collection":[{"href":"https:\/\/dualtron-store.com\/index.php\/wp-json\/wp\/v2\/product"}],"about":[{"href":"https:\/\/dualtron-store.com\/index.php\/wp-json\/wp\/v2\/types\/product"}],"replies":[{"embeddable":true,"href":"https:\/\/dualtron-store.com\/index.php\/wp-json\/wp\/v2\/comments?post=67479"}],"wp:featuredmedia":[{"embeddable":true,"href":"https:\/\/dualtron-store.com\/index.php\/wp-json\/wp\/v2\/media\/67480"}],"wp:attachment":[{"href":"https:\/\/dualtron-store.com\/index.php\/wp-json\/wp\/v2\/media?parent=67479"}],"wp:term":[{"taxonomy":"product_cat","embeddable":true,"href":"https:\/\/dualtron-store.com\/index.php\/wp-json\/wp\/v2\/product_cat?post=67479"},{"taxonomy":"product_tag","embeddable":true,"href":"https:\/\/dualtron-store.com\/index.php\/wp-json\/wp\/v2\/product_tag?post=67479"}],"curies":[{"name":"wp","href":"https:\/\/api.w.org\/{rel}","templated":true}]}}