{"id":66574,"date":"2023-09-25T10:43:12","date_gmt":"2023-09-25T08:43:12","guid":{"rendered":"https:\/\/dualtron-store.com\/?post_type=product&#038;p=66574"},"modified":"2026-04-23T14:50:31","modified_gmt":"2026-04-23T12:50:31","slug":"dualtron-togo","status":"publish","type":"product","link":"https:\/\/dualtron-store.com\/index.php\/produit\/dualtron-togo\/","title":{"rendered":"Dualtron TOGO 48V Plus &#8211; Pro \/ 60V LTD &#8211; Max"},"content":{"rendered":"<h2><strong>La Dualtron TOGO : L&#8217;entr\u00e9e de gamme Dualtron tr\u00e8s bien <\/strong><strong>\u00e9quip\u00e9e<\/strong><\/h2>\n<p>La\u00a0<strong>Dualtron TOGO\u00a0<\/strong>est une <strong>trottinette \u00e9lectrique l\u00e9g\u00e8re<\/strong>, pliable et puissante. En plus de cela, vous pourrez b\u00e9n\u00e9ficier de son \u00e9tanch\u00e9it\u00e9. Vous serrez \u00e9galement \u00e0 l&#8217;aise en ville ( son terrain favori ).<\/p>\n<h2><strong>Disponible en 4 versions :<\/strong><\/h2>\n<p>La <strong>Dualtron TOGO batterie 48V <\/strong>est propos\u00e9e en 2 versions :<\/p>\n<ul>\n<li>48V 12 ah TOGO Plus<\/li>\n<li>48V 13,5 ah TOGO Pro ( guidon pliable de s\u00e9rie, colonne lumineuse et \u00e9cran EY4 )<\/li>\n<\/ul>\n<p>La <strong>Dualtron TOGO batterie 60V <\/strong>est disponible en 3 versions :<\/p>\n<ul>\n<li>60V 12 ah TOGO limited<\/li>\n<li>60V 15 ah TOGO limited<\/li>\n<li>60V 15,9 ah TOGO max ( guidon pliable de s\u00e9rie, colonne lumineuse et \u00e9cran EY4 )<\/li>\n<\/ul>\n<ul>\n<li><iframe loading=\"lazy\" title=\"Chambre \u00e0 air ou roue tubeless Dualtron Togo limited? - trottinette \u00e9lectrique\" width=\"1140\" height=\"641\" src=\"https:\/\/www.youtube.com\/embed\/SHIguo5v5FU?feature=oembed\" frameborder=\"0\" allow=\"accelerometer; autoplay; clipboard-write; encrypted-media; gyroscope; picture-in-picture; web-share\" referrerpolicy=\"strict-origin-when-cross-origin\" allowfullscreen><\/iframe>\n<p><iframe loading=\"lazy\" title=\"TEST DUALTRON TOGO LIMITED - TROTTINETTE ELECTRIQUE\" width=\"1140\" height=\"641\" src=\"https:\/\/www.youtube.com\/embed\/ONGnpjWpeeg?feature=oembed\" frameborder=\"0\" allow=\"accelerometer; autoplay; clipboard-write; encrypted-media; gyroscope; picture-in-picture; web-share\" referrerpolicy=\"strict-origin-when-cross-origin\" allowfullscreen><\/iframe><\/li>\n<li><iframe loading=\"lazy\" title=\"Dualtron Togo Limited - trottinette \u00e9lectrique\" width=\"1140\" height=\"641\" src=\"https:\/\/www.youtube.com\/embed\/pxEDZpwdlKU?feature=oembed\" frameborder=\"0\" allow=\"accelerometer; autoplay; clipboard-write; encrypted-media; gyroscope; picture-in-picture; web-share\" referrerpolicy=\"strict-origin-when-cross-origin\" allowfullscreen><\/iframe>\n<p><iframe loading=\"lazy\" title=\"Guidon pliable Dualtron Togo - trottinette \u00e9lectrique\" width=\"1140\" height=\"641\" src=\"https:\/\/www.youtube.com\/embed\/JBN34SYd_7U?feature=oembed\" frameborder=\"0\" allow=\"accelerometer; autoplay; clipboard-write; encrypted-media; gyroscope; picture-in-picture; web-share\" referrerpolicy=\"strict-origin-when-cross-origin\" allowfullscreen><\/iframe><\/li>\n<\/ul>\n<h2><strong>Les atouts de la Dualtron TOGO<\/strong><\/h2>\n<div class=\"flex-1 overflow-hidden\">\n<div class=\"react-scroll-to-bottom--css-ruywv-79elbk h-full dark:bg-gray-800\">\n<div class=\"react-scroll-to-bottom--css-ruywv-1n7m0yu\">\n<div class=\"flex flex-col text-sm dark:bg-gray-800\">\n<div class=\"group w-full text-token-text-primary border-b border-black\/10 gizmo:border-0 dark:border-gray-900\/50 gizmo:dark:border-0 bg-gray-50 gizmo:bg-transparent dark:bg-[#444654] gizmo:dark:bg-transparent\" data-testid=\"conversation-turn-7\">\n<div class=\"p-4 justify-center text-base md:gap-6 md:py-6 m-auto\">\n<div class=\"flex flex-1 gap-4 text-base mx-auto md:gap-6 md:max-w-2xl lg:max-w-[38rem] xl:max-w-3xl }\">\n<div class=\"relative flex w-[calc(100%-50px)] flex-col gap-1 md:gap-3 lg:w-[calc(100%-115px)]\">\n<div class=\"flex flex-grow flex-col gap-3 max-w-full\">\n<div class=\"min-h-[20px] flex flex-col items-start gap-3 overflow-x-auto whitespace-pre-wrap break-words\">\n<div class=\"markdown prose w-full break-words dark:prose-invert light\">\n<p>La trottinette \u00e9lectrique <strong>Dualtron Togo<\/strong> incarne un design moderne qui associe les lignes sportives de la Dualtron Mini \u00e0 la robustesse de la Dualtron Pop, cr\u00e9ant ainsi une esth\u00e9tique urbaine \u00e9l\u00e9gante.<\/p>\n<p>Au c\u0153ur de cette exp\u00e9rience se trouve l&#8217;\u00e9cran central, le Display EYE 2, qui va bien au-del\u00e0 de la simple indication de votre vitesse, de la charge de la batterie et du kilom\u00e9trage. Cet \u00e9cran intelligent est connect\u00e9 \u00e0 une application mobile d\u00e9di\u00e9e, disponible sur iOS et Android.<\/p>\n<p>L&#8217;application Minimotors permet d&#8217;\u00e9tablir une connexion fluide entre votre trottinette et votre smartphone, vous offrant un acc\u00e8s complet \u00e0 des informations essentielles telles que le kilom\u00e9trage total.<\/p>\n<p>Mais ce n&#8217;est pas tout, l&#8217;application offre \u00e9galement une personnalisation pouss\u00e9e de votre trottinette. Vous pouvez ainsi activer ou d\u00e9sactiver le syst\u00e8me de freinage antiblocage (ABS) selon vos pr\u00e9f\u00e9rences, et adapter les modes de vitesse pour une conduite sur mesure.<\/p>\n<p>En r\u00e9sum\u00e9, la <strong>Dualtron Togo<\/strong> offre une exp\u00e9rience de conduite \u00e9lectrique moderne et p\u00e9rsonnalisable pour les d\u00e9placements urbains.<\/p>\n<h2><strong>Videos de la Dualtron ToGo 8 pouces \u00a0:<\/strong><\/h2>\n<p><iframe loading=\"lazy\" title=\"VIDEO TEST ET PRESENTATION DUALTRON TOGO - TROTTINETTE ELECTRIQUE\" width=\"1140\" height=\"641\" src=\"https:\/\/www.youtube.com\/embed\/ZAVL7o-C5_o?feature=oembed\" frameborder=\"0\" allow=\"accelerometer; autoplay; clipboard-write; encrypted-media; gyroscope; picture-in-picture; web-share\" referrerpolicy=\"strict-origin-when-cross-origin\" allowfullscreen><\/iframe><\/p>\n<h2><\/h2>\n<p><iframe loading=\"lazy\" title=\"DUALTRON TOGO TEST IN MARSEILLE\" width=\"1140\" height=\"641\" src=\"https:\/\/www.youtube.com\/embed\/AvRPnVKMTWM?feature=oembed\" frameborder=\"0\" allow=\"accelerometer; autoplay; clipboard-write; encrypted-media; gyroscope; picture-in-picture; web-share\" referrerpolicy=\"strict-origin-when-cross-origin\" allowfullscreen><\/iframe><\/p>\n<p><iframe loading=\"lazy\" title=\"Dualtron Togo + Une  Dualtron A Partir De 499 Euros E\u0301tanche \ud83d\udd25 !\" width=\"1140\" height=\"641\" src=\"https:\/\/www.youtube.com\/embed\/XQ2bGQdlvZ0?feature=oembed\" frameborder=\"0\" allow=\"accelerometer; autoplay; clipboard-write; encrypted-media; gyroscope; picture-in-picture; web-share\" referrerpolicy=\"strict-origin-when-cross-origin\" allowfullscreen><\/iframe><\/p>\n<p>&nbsp;<\/p>\n<\/div>\n<\/div>\n<\/div>\n<\/div>\n<\/div>\n<\/div>\n<\/div>\n<\/div>\n<\/div>\n<\/div>\n<\/div>\n<h2><strong>Videos de la Dualtron ToGo LTD ( limited) 10 pouces<\/strong><\/h2>\n<p><iframe loading=\"lazy\" title=\"DUALTRON TOGO LIMITED 10POUCES EXCLUSIVITE\u0301E !\" width=\"1140\" height=\"641\" src=\"https:\/\/www.youtube.com\/embed\/NgD_SHb9VuY?feature=oembed\" frameborder=\"0\" allow=\"accelerometer; autoplay; clipboard-write; encrypted-media; gyroscope; picture-in-picture; web-share\" referrerpolicy=\"strict-origin-when-cross-origin\" allowfullscreen><\/iframe><\/p>\n<h2><\/h2>\n<h2><strong>Photos de la Dualtron TOGO 36 V et 48V<\/strong><\/h2>\n<p>&nbsp;<\/p>\n<p><a href=\"https:\/\/dualtron-store.com\/wp-content\/uploads\/2023\/09\/dualtron-togo-e1695721906793.jpeg\"><img loading=\"lazy\" class=\"alignnone size-medium wp-image-66642\" src=\"https:\/\/dualtron-store.com\/wp-content\/uploads\/2023\/09\/dualtron-togo-e1695721860175-300x296.jpeg\" alt=\"\" width=\"300\" height=\"296\" \/><\/a><\/p>\n<p><strong>La dualtron TOGO<\/strong><\/p>\n<p>&nbsp;<\/p>\n<p><a href=\"https:\/\/dualtron-store.com\/wp-content\/uploads\/2023\/09\/dualtron-togo-copie-2-e1695722160201.jpeg\"><img loading=\"lazy\" class=\"alignnone size-medium wp-image-66645\" src=\"https:\/\/dualtron-store.com\/wp-content\/uploads\/2023\/09\/dualtron-togo-copie-2-300x300.jpeg\" alt=\"\" width=\"300\" height=\"300\" \/><\/a><\/p>\n<p><strong>Feu arri\u00e8re<\/strong><\/p>\n<p>&nbsp;<\/p>\n<p><a href=\"https:\/\/dualtron-store.com\/wp-content\/uploads\/2023\/09\/dualtron-togo-copie-3-e1695722403375.jpeg\"><img loading=\"lazy\" class=\"alignnone size-medium wp-image-66646\" src=\"https:\/\/dualtron-store.com\/wp-content\/uploads\/2023\/09\/dualtron-togo-copie-3-300x300.jpeg\" alt=\"\" width=\"300\" height=\"300\" \/><\/a><\/p>\n<p><strong>\u00c9tanche\u00eft\u00e9 IPX 5<\/strong><\/p>\n<p>&nbsp;<\/p>\n<h2><strong>Pourquoi acheter la Dualtron TOGO chez DUALTRON Store ?<\/strong><\/h2>\n<p><strong>DUALTRON Store, boutique\u00a0officielle de la marque,<\/strong>\u00a0dispose \u00e0 son catalogue de l&#8217;ensemble des trottinettes \u00e9lectriques du fabricant Minimotors. Les gammes disponibles sont celles-ci : Dualtron, Teverun, Speedway, Rovoron. \u00a0Dualtron Store vous offre un service haut de gamme.<\/p>\n<p>Nous nous attachons \u00e0 pr\u00e9parer chaque trottinette avant remise au client. Avant livraison, la <strong>Dualtron TOGO\u00a0<\/strong>sera v\u00e9rifi\u00e9e et r\u00e9gl\u00e9e en atelier suivant vos attentes (bridage ou pas, r\u00e9glage du ni veau de puissance, montage d&#8217;accessoires, \u00a0&#8230;).<\/p>\n<p>Nous sommes \u00e0 disposition au <strong>07 61 87 64 04<\/strong> pour vous aider dans votre choix et\/ou r\u00e9pondre \u00e0 vos questions.<\/p>\n<p><iframe loading=\"lazy\" title=\"Journal de l actualit\u00e9 Minimotors - trottinette \u00e9lectrique Dualtron\" width=\"1140\" height=\"641\" src=\"https:\/\/www.youtube.com\/embed\/LJmoXv0VX_k?feature=oembed\" frameborder=\"0\" allow=\"accelerometer; autoplay; clipboard-write; encrypted-media; gyroscope; picture-in-picture; web-share\" referrerpolicy=\"strict-origin-when-cross-origin\" allowfullscreen><\/iframe><\/p>\n","protected":false},"excerpt":{"rendered":"<p><img loading=\"lazy\" class=\"alignnone wp-image-614\" src=\"https:\/\/dualtron-store.com\/wp-content\/uploads\/2018\/06\/dulatron.png\" alt=\"\" width=\"246\" height=\"52\" \/><\/p>\n<p><strong>La Dualtron TOGO est une nouveaut\u00e9 qui se positionne dans le segment des trottinettes \u00e9lectriques urbaines. Elle dispose d\u00e9sormais d&#8217;une nouvelle version, la version Limited (LTD) 60V 15AH et la version Max 60V 15,9Ah , offrant encore plus de choix aux utilisateurs. Avec un niveau d&#8217;\u00e9tanch\u00e9it\u00e9 IPX5 et une puissance largement suffisante au quotidien, elle repr\u00e9sente un compagnon id\u00e9al pour les d\u00e9placements en milieu urbain.<\/strong><\/p>\n<p><strong><span style=\"color: #993366;\">La version que nous disposons est \u00e9quip\u00e9e d&#8217;un phare avant <span style=\"caret-color: #993366;\">activable<\/span> depuis le commodo sur le guidon.<\/span><\/strong><\/p>\n<p><strong>Nouveau: Nous vous proposons l&#8217;option roue arri\u00e8re tubeless avec bande anti-crevaison pour la Dualtron TOGO LTD et Max.<\/strong><\/p>\n<p><strong><span style=\"color: #333399;\">Possibilit\u00e9 de paiement en 2X, 3X, 4X par Carte Bancaire sans frais ou en 10X \u00e0 48 X.<\/span><\/strong><\/p>\n<p><strong><span style=\"color: #000000;\">N&#8217;h\u00e9sitez pas \u00e0 nous contactez au 07 61 87 64 04.<\/span><\/strong><\/p>\n<p><span style=\"color: #0000ff;\"><strong>B\u00e9n\u00e9ficiez d&#8217;une remise suppl\u00e9mentaire avec le code : 2026<\/strong><\/span><\/p>\n","protected":false},"featured_media":96448,"comment_status":"open","ping_status":"closed","template":"","meta":{"om_disable_all_campaigns":false,"_mi_skip_tracking":false,"_monsterinsights_sitenote_active":false,"_monsterinsights_sitenote_note":"","_monsterinsights_sitenote_category":0},"product_cat":[20,38],"product_tag":[],"aioseo_notices":[],"_links":{"self":[{"href":"https:\/\/dualtron-store.com\/index.php\/wp-json\/wp\/v2\/product\/66574"}],"collection":[{"href":"https:\/\/dualtron-store.com\/index.php\/wp-json\/wp\/v2\/product"}],"about":[{"href":"https:\/\/dualtron-store.com\/index.php\/wp-json\/wp\/v2\/types\/product"}],"replies":[{"embeddable":true,"href":"https:\/\/dualtron-store.com\/index.php\/wp-json\/wp\/v2\/comments?post=66574"}],"wp:featuredmedia":[{"embeddable":true,"href":"https:\/\/dualtron-store.com\/index.php\/wp-json\/wp\/v2\/media\/96448"}],"wp:attachment":[{"href":"https:\/\/dualtron-store.com\/index.php\/wp-json\/wp\/v2\/media?parent=66574"}],"wp:term":[{"taxonomy":"product_cat","embeddable":true,"href":"https:\/\/dualtron-store.com\/index.php\/wp-json\/wp\/v2\/product_cat?post=66574"},{"taxonomy":"product_tag","embeddable":true,"href":"https:\/\/dualtron-store.com\/index.php\/wp-json\/wp\/v2\/product_tag?post=66574"}],"curies":[{"name":"wp","href":"https:\/\/api.w.org\/{rel}","templated":true}]}}