{"id":65232,"date":"2023-08-25T01:36:59","date_gmt":"2023-08-24T23:36:59","guid":{"rendered":"https:\/\/dualtron-store.com\/index.php\/produit\/chargeur-rapide-dualtron-thunder-2-storm-et-ultra-ii\/"},"modified":"2026-04-23T10:40:48","modified_gmt":"2026-04-23T08:40:48","slug":"chargeur-rapide-dualtron-thunder-2-storm-et-ultra-ii","status":"publish","type":"product","link":"https:\/\/dualtron-store.com\/index.php\/produit\/chargeur-rapide-dualtron-thunder-2-storm-et-ultra-ii\/","title":{"rendered":"Chargeur rapide Dualtron Thunder 2, Storm et Ultra II"},"content":{"rendered":"","protected":false},"excerpt":{"rendered":"<p><strong>Le chargeur rapide Dualtron Alien, Thunder 2, Thunder 3, \u00a0Storm et Ultra II<\/strong> est un accessoire de recharge puissant con\u00e7u sp\u00e9cifiquement pour les trottinettes \u00e9lectriques <strong>Dualtron Thunder 2, Storm et Ultra II.<\/strong> Gr\u00e2ce \u00e0 une technologie de charge avanc\u00e9e, ce chargeur permet une recharge rapide et efficace de la batterie, r\u00e9duisant significativement le temps n\u00e9cessaire pour pr\u00e9parer votre trottinette \u00e0 de nouveaux trajets.<\/p>\n","protected":false},"featured_media":95020,"comment_status":"open","ping_status":"closed","template":"","meta":{"om_disable_all_campaigns":false,"_mi_skip_tracking":false,"_monsterinsights_sitenote_active":false,"_monsterinsights_sitenote_note":"","_monsterinsights_sitenote_category":0},"product_cat":[18,51,52],"product_tag":[],"aioseo_notices":[],"_links":{"self":[{"href":"https:\/\/dualtron-store.com\/index.php\/wp-json\/wp\/v2\/product\/65232"}],"collection":[{"href":"https:\/\/dualtron-store.com\/index.php\/wp-json\/wp\/v2\/product"}],"about":[{"href":"https:\/\/dualtron-store.com\/index.php\/wp-json\/wp\/v2\/types\/product"}],"replies":[{"embeddable":true,"href":"https:\/\/dualtron-store.com\/index.php\/wp-json\/wp\/v2\/comments?post=65232"}],"wp:featuredmedia":[{"embeddable":true,"href":"https:\/\/dualtron-store.com\/index.php\/wp-json\/wp\/v2\/media\/95020"}],"wp:attachment":[{"href":"https:\/\/dualtron-store.com\/index.php\/wp-json\/wp\/v2\/media?parent=65232"}],"wp:term":[{"taxonomy":"product_cat","embeddable":true,"href":"https:\/\/dualtron-store.com\/index.php\/wp-json\/wp\/v2\/product_cat?post=65232"},{"taxonomy":"product_tag","embeddable":true,"href":"https:\/\/dualtron-store.com\/index.php\/wp-json\/wp\/v2\/product_tag?post=65232"}],"curies":[{"name":"wp","href":"https:\/\/api.w.org\/{rel}","templated":true}]}}