{"id":64170,"date":"2023-08-04T13:57:10","date_gmt":"2023-08-04T11:57:10","guid":{"rendered":"https:\/\/dualtron-store.com\/?post_type=product&#038;p=64170"},"modified":"2026-02-03T23:23:29","modified_gmt":"2026-02-03T22:23:29","slug":"pneu-teverun-fighter-ten-ten","status":"publish","type":"product","link":"https:\/\/dualtron-store.com\/index.php\/produit\/pneu-teverun-fighter-ten-ten\/","title":{"rendered":"Pneu Teverun Fighter Ten \/ Ten +"},"content":{"rendered":"","protected":false},"excerpt":{"rendered":"<p>Les pneus Teverun Fighter Ten \/ Ten+ sont des composants de qualit\u00e9 sup\u00e9rieure sp\u00e9cialement con\u00e7us pour les trottinettes \u00e9lectriques Teverun Fighter Ten et Ten+. Ces pneus offrent une adh\u00e9rence exceptionnelle et une durabilit\u00e9 accrue, assurant une performance optimale sur une vari\u00e9t\u00e9 de surfaces.<\/p>\n","protected":false},"featured_media":64171,"comment_status":"open","ping_status":"closed","template":"","meta":{"om_disable_all_campaigns":false,"_mi_skip_tracking":false,"_monsterinsights_sitenote_active":false,"_monsterinsights_sitenote_note":"","_monsterinsights_sitenote_category":0},"product_cat":[629,630,18],"product_tag":[],"aioseo_notices":[],"_links":{"self":[{"href":"https:\/\/dualtron-store.com\/index.php\/wp-json\/wp\/v2\/product\/64170"}],"collection":[{"href":"https:\/\/dualtron-store.com\/index.php\/wp-json\/wp\/v2\/product"}],"about":[{"href":"https:\/\/dualtron-store.com\/index.php\/wp-json\/wp\/v2\/types\/product"}],"replies":[{"embeddable":true,"href":"https:\/\/dualtron-store.com\/index.php\/wp-json\/wp\/v2\/comments?post=64170"}],"wp:featuredmedia":[{"embeddable":true,"href":"https:\/\/dualtron-store.com\/index.php\/wp-json\/wp\/v2\/media\/64171"}],"wp:attachment":[{"href":"https:\/\/dualtron-store.com\/index.php\/wp-json\/wp\/v2\/media?parent=64170"}],"wp:term":[{"taxonomy":"product_cat","embeddable":true,"href":"https:\/\/dualtron-store.com\/index.php\/wp-json\/wp\/v2\/product_cat?post=64170"},{"taxonomy":"product_tag","embeddable":true,"href":"https:\/\/dualtron-store.com\/index.php\/wp-json\/wp\/v2\/product_tag?post=64170"}],"curies":[{"name":"wp","href":"https:\/\/api.w.org\/{rel}","templated":true}]}}