{"id":62385,"date":"2023-06-28T19:20:56","date_gmt":"2023-06-28T17:20:56","guid":{"rendered":"https:\/\/dualtron-store.com\/?post_type=product&#038;p=62385"},"modified":"2024-11-13T16:39:35","modified_gmt":"2024-11-13T15:39:35","slug":"paire-de-poignees-bmx-bi-matiere-avec-collerette","status":"publish","type":"product","link":"https:\/\/dualtron-store.com\/index.php\/produit\/paire-de-poignees-bmx-bi-matiere-avec-collerette\/","title":{"rendered":"Paire de poign\u00e9es BMX bi-mati\u00e8re avec collerette"},"content":{"rendered":"","protected":false},"excerpt":{"rendered":"<p>Paire de poign\u00e9es <strong>ergonomiques<\/strong> bi-mati\u00e8re avec avec collerette. Id\u00e9al pour le <strong>confort<\/strong> lors des <strong>longues balades<\/strong>.<\/p>\n<ul>\n<li>Longueur 125mm<\/li>\n<li>Diam\u00e8tre 22mm<\/li>\n<\/ul>\n","protected":false},"featured_media":0,"comment_status":"open","ping_status":"closed","template":"","meta":{"om_disable_all_campaigns":false,"_mi_skip_tracking":false,"_monsterinsights_sitenote_active":false,"_monsterinsights_sitenote_note":"","_monsterinsights_sitenote_category":0},"product_cat":[17],"product_tag":[],"aioseo_notices":[],"_links":{"self":[{"href":"https:\/\/dualtron-store.com\/index.php\/wp-json\/wp\/v2\/product\/62385"}],"collection":[{"href":"https:\/\/dualtron-store.com\/index.php\/wp-json\/wp\/v2\/product"}],"about":[{"href":"https:\/\/dualtron-store.com\/index.php\/wp-json\/wp\/v2\/types\/product"}],"replies":[{"embeddable":true,"href":"https:\/\/dualtron-store.com\/index.php\/wp-json\/wp\/v2\/comments?post=62385"}],"wp:attachment":[{"href":"https:\/\/dualtron-store.com\/index.php\/wp-json\/wp\/v2\/media?parent=62385"}],"wp:term":[{"taxonomy":"product_cat","embeddable":true,"href":"https:\/\/dualtron-store.com\/index.php\/wp-json\/wp\/v2\/product_cat?post=62385"},{"taxonomy":"product_tag","embeddable":true,"href":"https:\/\/dualtron-store.com\/index.php\/wp-json\/wp\/v2\/product_tag?post=62385"}],"curies":[{"name":"wp","href":"https:\/\/api.w.org\/{rel}","templated":true}]}}