{"id":61918,"date":"2023-06-21T19:08:24","date_gmt":"2023-06-21T17:08:24","guid":{"rendered":"https:\/\/dualtron-store.com\/?post_type=product&#038;p=61918"},"modified":"2025-08-08T17:13:27","modified_gmt":"2025-08-08T15:13:27","slug":"antivol-masterlock-a-cle-v1","status":"publish","type":"product","link":"https:\/\/dualtron-store.com\/index.php\/produit\/antivol-masterlock-a-cle-v1\/","title":{"rendered":"Antivol Masterlock \u00e0 cl\u00e9 V1"},"content":{"rendered":"","protected":false},"excerpt":{"rendered":"<p>C\u00e2ble <strong>antivol \u00e0 cl\u00e9 V1<\/strong> d&#8217;une longueur de 1,8\u00a0m et x 8\u00a0mm de diam\u00e8tre ; assortiment de 3 couleurs (blanc, rouge, bleu) ;<\/p>\n","protected":false},"featured_media":92590,"comment_status":"open","ping_status":"closed","template":"","meta":{"om_disable_all_campaigns":false,"_mi_skip_tracking":false,"_monsterinsights_sitenote_active":false,"_monsterinsights_sitenote_note":"","_monsterinsights_sitenote_category":0},"product_cat":[17],"product_tag":[],"aioseo_notices":[],"_links":{"self":[{"href":"https:\/\/dualtron-store.com\/index.php\/wp-json\/wp\/v2\/product\/61918"}],"collection":[{"href":"https:\/\/dualtron-store.com\/index.php\/wp-json\/wp\/v2\/product"}],"about":[{"href":"https:\/\/dualtron-store.com\/index.php\/wp-json\/wp\/v2\/types\/product"}],"replies":[{"embeddable":true,"href":"https:\/\/dualtron-store.com\/index.php\/wp-json\/wp\/v2\/comments?post=61918"}],"wp:featuredmedia":[{"embeddable":true,"href":"https:\/\/dualtron-store.com\/index.php\/wp-json\/wp\/v2\/media\/92590"}],"wp:attachment":[{"href":"https:\/\/dualtron-store.com\/index.php\/wp-json\/wp\/v2\/media?parent=61918"}],"wp:term":[{"taxonomy":"product_cat","embeddable":true,"href":"https:\/\/dualtron-store.com\/index.php\/wp-json\/wp\/v2\/product_cat?post=61918"},{"taxonomy":"product_tag","embeddable":true,"href":"https:\/\/dualtron-store.com\/index.php\/wp-json\/wp\/v2\/product_tag?post=61918"}],"curies":[{"name":"wp","href":"https:\/\/api.w.org\/{rel}","templated":true}]}}