{"id":58047,"date":"2023-03-21T21:23:28","date_gmt":"2023-03-21T20:23:28","guid":{"rendered":"https:\/\/dualtron-store.com\/index.php\/produit\/axe-ecrou-de-frein-dualtron-speedway\/"},"modified":"2026-04-16T18:48:52","modified_gmt":"2026-04-16T16:48:52","slug":"axe-ecrou-de-frein-dualtron-speedway","status":"publish","type":"product","link":"https:\/\/dualtron-store.com\/index.php\/produit\/axe-ecrou-de-frein-dualtron-speedway\/","title":{"rendered":"Axe + \u00e9crou de frein dualtron &#8211; speedway"},"content":{"rendered":"","protected":false},"excerpt":{"rendered":"<p><strong>L&#8217;axe et l&#8217;\u00e9crou de frein Dualtron\/Speedway<\/strong> constituent une pi\u00e8ce de rechange cruciale pour les syst\u00e8mes de freinage des trottinettes \u00e9lectriques <strong>Dualtron et Speedway.<\/strong> Cet ensemble assure un remplacement fiable et robuste, permettant le bon fonctionnement du m\u00e9canisme de freinage.<\/p>\n<p>Compatible avec la Dualtron Mini, POP, TOGO<\/p>\n","protected":false},"featured_media":86485,"comment_status":"open","ping_status":"closed","template":"","meta":{"om_disable_all_campaigns":false,"_mi_skip_tracking":false,"_monsterinsights_sitenote_active":false,"_monsterinsights_sitenote_note":"","_monsterinsights_sitenote_category":0},"product_cat":[287,284,285,286],"product_tag":[],"aioseo_notices":[],"_links":{"self":[{"href":"https:\/\/dualtron-store.com\/index.php\/wp-json\/wp\/v2\/product\/58047"}],"collection":[{"href":"https:\/\/dualtron-store.com\/index.php\/wp-json\/wp\/v2\/product"}],"about":[{"href":"https:\/\/dualtron-store.com\/index.php\/wp-json\/wp\/v2\/types\/product"}],"replies":[{"embeddable":true,"href":"https:\/\/dualtron-store.com\/index.php\/wp-json\/wp\/v2\/comments?post=58047"}],"wp:featuredmedia":[{"embeddable":true,"href":"https:\/\/dualtron-store.com\/index.php\/wp-json\/wp\/v2\/media\/86485"}],"wp:attachment":[{"href":"https:\/\/dualtron-store.com\/index.php\/wp-json\/wp\/v2\/media?parent=58047"}],"wp:term":[{"taxonomy":"product_cat","embeddable":true,"href":"https:\/\/dualtron-store.com\/index.php\/wp-json\/wp\/v2\/product_cat?post=58047"},{"taxonomy":"product_tag","embeddable":true,"href":"https:\/\/dualtron-store.com\/index.php\/wp-json\/wp\/v2\/product_tag?post=58047"}],"curies":[{"name":"wp","href":"https:\/\/api.w.org\/{rel}","templated":true}]}}