{"id":55850,"date":"2023-01-17T15:22:59","date_gmt":"2023-01-17T14:22:59","guid":{"rendered":"https:\/\/dualtron-store.com\/?post_type=product&#038;p=55850"},"modified":"2023-01-17T15:31:19","modified_gmt":"2023-01-17T14:31:19","slug":"dualtron-mini-limited-175-ah-guidon-pliable-contacteur-a-cle","status":"publish","type":"product","link":"https:\/\/dualtron-store.com\/index.php\/produit\/dualtron-mini-limited-175-ah-guidon-pliable-contacteur-a-cle\/","title":{"rendered":"Dualtron Mini limited 17,5 ah &#8211; guidon pliable + contacteur \u00e0 cl\u00e9"},"content":{"rendered":"<h2><strong>Pr\u00e9sentation de la Dualtron Mini<\/strong><\/h2>\n<p>V\u00e9ritable best seller, la <strong>Dualtron Mini<\/strong> de la prestigieuse marque <strong>MiniMotors<\/strong> ne cesse d&#8217;\u00e9voluer depuis sa sortie.<\/p>\n<p>Ainsi, au regard de ses caract\u00e9ristiques techniques, son esth\u00e9tique, sa compacit\u00e9 et son positionnement tarifaire, la <strong>Dualtron Mini<\/strong> est, sans aucun doute, le meilleur choix toutes marques confondues dans sa cat\u00e9gorie.<\/p>\n<p><iframe loading=\"lazy\" title=\"dualtron mini limited 21 ah double freins\" width=\"1140\" height=\"641\" src=\"https:\/\/www.youtube.com\/embed\/zdbn8cSm0GI?feature=oembed\" frameborder=\"0\" allow=\"accelerometer; autoplay; clipboard-write; encrypted-media; gyroscope; picture-in-picture; web-share\" allowfullscreen><\/iframe><\/p>\n<p><iframe loading=\"lazy\" title=\"dualtron mini guidon pliable et alarme - MobUrbaine\" width=\"1140\" height=\"641\" src=\"https:\/\/www.youtube.com\/embed\/YAd1msb6wcQ?feature=oembed\" frameborder=\"0\" allow=\"accelerometer; autoplay; clipboard-write; encrypted-media; gyroscope; picture-in-picture; web-share\" allowfullscreen><\/iframe><\/p>\n<h2><\/h2>\n<h2><strong>Vid\u00e9o de la nouvelle Dualtron\u00a0Mini\u00a0Special<\/strong><\/h2>\n<p><iframe loading=\"lazy\" title=\"Dualtron Mini SPECIAL - Nouveaut\u00e9 2023 !!!! Trottinette \u00e9lectrique Dualtron Store \u00ae\" width=\"1140\" height=\"641\" src=\"https:\/\/www.youtube.com\/embed\/RBw3kkki64w?feature=oembed\" frameborder=\"0\" allow=\"accelerometer; autoplay; clipboard-write; encrypted-media; gyroscope; picture-in-picture; web-share\" allowfullscreen><\/iframe><\/p>\n<p>&nbsp;<\/p>\n<h2><strong>Les caract\u00e9ristiques de la Dualtron Mini<\/strong><\/h2>\n<p>La <strong>Dualtron mini<\/strong> est \u00e9quip\u00e9e d\u2019un puissant moteur brushless \u00e0 l\u2019arri\u00e8re. Cela permet \u00e0 la trottinette de d\u00e9velopper 1425 W. Coupl\u00e9e \u00e0 une batterie de 52 volts, ce petit bolide offre un couple et une vitesse de pointe ( environ 45 km\/h sur terrain priv\u00e9) permettant de satisfaire la plupart d\u2019entre nous.<\/p>\n<p>Chez Dualtron Store, Les Dualtron Mini 13 ah, 17,5 ah et 21 ah disposent de 2 freins \u00e0 tambour (\u00e0 l\u2019arri\u00e8re et \u00e0 l&#8217;avant) tr\u00e8s performant et d\u2019un frein \u00e9lectrique KERS (r\u00e9cup\u00e9ration d\u2019\u00e9nergie). Ces derni\u00e8res versions de Dualtron Mini sont \u00e9galement appel\u00e9es &#8220;dual brake&#8221; ou &#8220;double freins&#8221;.<\/p>\n<p>De plus, d\u2019un point de vue esth\u00e9tique, la <strong>Dualtron Mini<\/strong> ne laisse pas indiff\u00e9rent. En effet, Elle est \u00e9quip\u00e9e de la fameuse colonne lumineuse que l\u2019on retrouve sur la Dualtron Thunder, et \u00e9galement de bandes lumineuses sur les cot\u00e9s du plateau.<\/p>\n<p>Par ailleurs, cot\u00e9 confort, la <strong>Dualtron Mini<\/strong> dispose d\u2019amortisseurs avant et arri\u00e8re. Egalement, elle dispose de pneus larges \u00e0 chambre \u00e0 air de 8,5 pouces de tr\u00e8s bonne qualit\u00e9.<\/p>\n<p>&nbsp;<\/p>\n<h2><strong>Les variantes de la Dualtron Mini <\/strong><\/h2>\n<p>Concernant la batterie, la <strong>Dualtron Mini<\/strong> est disponible en 3 versions. 13 ah, permettant de parcourir environ 25 km. \u00a017,5 ah pour atteindre 35 km. 21 ah pour 45 km.<\/p>\n<p><strong>Dualtron Store<\/strong>\u00a0propose \u00e9galement la <strong>Dualtron Mini<\/strong> avec 3 options : le guidon pliable, le pneu plein arri\u00e8re et un systeme de d\u00e9marrage et alarme \u00e0 t\u00e9l\u00e9commande. Ainsi, choisir un guidon pliable permet de b\u00e9n\u00e9ficier au mieux de sa compacit\u00e9. En effet, ce guidon pliable d&#8217;origine dualtron permet de gagner en largeur lorsque la trott est pli\u00e9e.<\/p>\n<p>&nbsp;<\/p>\n<h2><strong>La Dualtron Mini limited<\/strong><\/h2>\n<p>Les Dualtron Mini en version \u00a013 ah, 17,5ah et 21 ah, appel\u00e9e <strong>Dualtron Mini limited<\/strong>, \u00a0dispose de 2 freins tambour et de jantes avant et arri\u00e8re en aluminium.<\/p>\n<p>&nbsp;<\/p>\n<h2><strong>La Dualtron Mini Special &#8211; la version luxe<\/strong><\/h2>\n<p>La <strong>Dualtron Mini Special<\/strong> dispose des caract\u00e9ristiques de la dualtron mini limited auxquelles s&#8217;ajoute de s\u00e9rie le guidon pliable, une protection de plateau en silicone et de LEDs de colonne \/ plateau ultra lumineuses.<\/p>\n<p>&nbsp;<\/p>\n<h2><strong>Temps de charge<\/strong><\/h2>\n<p>Concernant le temps de charge , la dualtron mini 13 ah mettra 6 heures pour remplir la batterie, la 17, 5 ah 8 heures et la 21 ah 10 heures. Par ailleurs, afin de r\u00e9duire le temps de charge, vous pouvez acheter un <a href=\"https:\/\/dualtron-store.com\/index.php\/produit\/chargeur-rapide-dualtron-thunder-2-storm-et-ultra-ii-x-ii\/\">chargeur rapide.<\/a><\/p>\n<p>&nbsp;<\/p>\n<h2><strong>Les atouts de la Dualtron Mini<\/strong><\/h2>\n<p>Ses points forts sont tr\u00e8s nombreux\u00a0: performances\/puissance au regard de son poids de 22 kg seulement, sa compacit\u00e9, son esth\u00e9tique, et surtout son rapport qualit\u00e9\/performance\/prix.<\/p>\n<p>&nbsp;<\/p>\n<h2><strong>Votre v\u00e9hicule de\u00a0d\u00e9placement id\u00e9al en milieu Urbain<\/strong><\/h2>\n<p>Trottinette \u00e9lectrique compacte, la dualtron mini est un v\u00e9ritable v\u00e9hicule pour se d\u00e9placer en ville. Vous pourrez \u00e9galement r\u00e9aliser vos trajets travail \/ maison en toute aisance. De plus, la Dualtron Mini est \u00e9galement l\u00e9g\u00e8re au regard de ses performances. Ainsi, vous pouvez l&#8217;utiliser pour vos trajets multimodaux. Elle se rangera facilement dans le train, le tramway ou dans le coffre de votre voiture.<\/p>\n<p>Aymard Vernay, notre ambassadeur sportif, nous le prouve dans cette vid\u00e9o !<\/p>\n<p><iframe loading=\"lazy\" title=\"Trottinette \u00e9lectrique Dualtron Mini vs Porsche 981 GTS - Aymard Vernay\" width=\"1140\" height=\"641\" src=\"https:\/\/www.youtube.com\/embed\/Gpv6zz7i5u0?feature=oembed\" frameborder=\"0\" allow=\"accelerometer; autoplay; clipboard-write; encrypted-media; gyroscope; picture-in-picture; web-share\" allowfullscreen><\/iframe><\/p>\n<p>&nbsp;<\/p>\n<h2><strong>La fiche technique de la Dualtron Mini<\/strong><\/h2>\n<p><strong>Batterie\u00a0:<\/strong> 13 ah, 17,5 ah ou 21 ah<\/p>\n<p><strong>Puissance de la trottinette :<\/strong>\u00a01425W<\/p>\n<p><strong>Freinage\u00a0:<\/strong> \u00a0Frein tambour \u00e0 l\u2019arri\u00e8re et \u00e0 l&#8217;avant + Frein \u00e9lectrique KERS .<\/p>\n<p><strong>Vitesse max\u00a0:<\/strong> 25 km\/h ou 45km\/ sur voie priv\u00e9e<\/p>\n<p><strong>Roues\u00a0:<\/strong> 8,5 pouces \u2013 pneus \u00e0 chambre \u00e0 air ou pneu plein arri\u00e8re.<\/p>\n<p><strong>Suspensions\u00a0:<\/strong> 2 amortisseurs \u00e0 l\u2019avant et 2 \u00e0 l\u2019arri\u00e8re<\/p>\n<p><strong>Dispositif d\u2019\u00e9clairage :<\/strong> Phares led avant et arri\u00e8re, colonne et plateau lumineux<\/p>\n<p><strong>Protection de plateau : <\/strong>Grip pour les versions 17,5 ah et 21 ah et silicone pour la version 13 ah.<\/p>\n<p><strong>Poids\u00a0:<\/strong> 22 kg<\/p>\n<p>&nbsp;<\/p>\n<h2><strong>Pourquoi acheter la Dualtron Mini chez DUALTRON Store ?<\/strong><\/h2>\n<p><strong>DUALTRON Store, boutique\u00a0officielle de la marque,<\/strong>\u00a0vous propose l&#8217;ensemble des produits du fabricant Minimotors. De plus, nous vous offrons un service Premium.<\/p>\n<p>Avant exp\u00e9dition, la <strong>Dualtron Mini<\/strong> sera v\u00e9rifi\u00e9e et r\u00e9gl\u00e9e suivant vos attentes (bridage ou pas, param\u00e9trage du LCD , \u2026). Par ailleurs, nous vous proposons d&#8217;\u00e9quiper votre Dualtron Mini d&#8217;options. Syst\u00e8me de d\u00e9marrage et alarme t\u00e9l\u00e9command\u00e9 et\/ou d&#8217;un guidon pliable Dualtron et\/ou du pneu plein arri\u00e8re, peuvent \u00eatre mont\u00e9s avant expedition.<\/p>\n<p>N\u2019h\u00e9sitez pas \u00e0 nous appeler (07 61 87 64 04 ) pour vous faire votre propre avis sur l\u2019expertise et le service client de <strong>DUALTRON Store<\/strong> !<\/p>\n","protected":false},"excerpt":{"rendered":"<p><img loading=\"lazy\" class=\"alignnone wp-image-614\" src=\"https:\/\/dualtron-store.com\/wp-content\/uploads\/2018\/06\/dulatron.png\" alt=\"\" width=\"246\" height=\"52\" \/><\/p>\n<p>V\u00e9ritable Succ\u00e8s depuis sa sortie, la\u00a0<strong>Dualtron Mini est en\u00a0perp\u00e9tuelle \u00e9volution.<\/strong><br \/>\n<strong>La version 13 ah est d\u00e9sormais propos\u00e9e en version Special ( deck silicone + guidon pliable + nouvelles LED ) .<\/strong><br \/>\nNous vous proposons \u00e9galement de mettre en place en option un pneu plein \u00e0 l&#8217;arri\u00e8re et une alarme\/coupe circuit ( sauf pour la 21 ah).<br \/>\n<strong>Les Dualtron Mini 13 ah , 17,5 ah et 21 ah propos\u00e9es par Dualtron Store disposent de 2 freins et d&#8217;une jante aluminum avant et arri\u00e8re. Attention , les Dualtron Mini 13ah et 17,5 ah peuvent encore \u00eatre disponibles chez d&#8217;autres revendeurs en\u00a0version simple frein \u00e0 un tarif pouvant \u00eatre inf\u00e9rieur.<br \/>\nChez Dualtron Store, vous avez la garantie d&#8217;avoir une\u00a0dualtron mini 13ah, 17,5 ah ou 21 ah en double freins.\u00a0<\/strong><\/p>\n<p><span style=\"color: #993366;\"><span style=\"color: #333399;\"><b>Cette fiche produit concerne la dualtron mini 17,5 ah \u00e9quip\u00e9e du guidon\u00a0pliable et du contacteur \u00e0 cl\u00e9.<br \/>\nTarif soldes : 1289 euros.<\/b><\/span><\/span><\/p>\n","protected":false},"featured_media":40531,"comment_status":"open","ping_status":"closed","template":"","meta":{"om_disable_all_campaigns":false,"_mi_skip_tracking":false,"_monsterinsights_sitenote_active":false,"_monsterinsights_sitenote_note":"","_monsterinsights_sitenote_category":0},"product_cat":[38],"product_tag":[],"aioseo_notices":[],"_links":{"self":[{"href":"https:\/\/dualtron-store.com\/index.php\/wp-json\/wp\/v2\/product\/55850"}],"collection":[{"href":"https:\/\/dualtron-store.com\/index.php\/wp-json\/wp\/v2\/product"}],"about":[{"href":"https:\/\/dualtron-store.com\/index.php\/wp-json\/wp\/v2\/types\/product"}],"replies":[{"embeddable":true,"href":"https:\/\/dualtron-store.com\/index.php\/wp-json\/wp\/v2\/comments?post=55850"}],"wp:featuredmedia":[{"embeddable":true,"href":"https:\/\/dualtron-store.com\/index.php\/wp-json\/wp\/v2\/media\/40531"}],"wp:attachment":[{"href":"https:\/\/dualtron-store.com\/index.php\/wp-json\/wp\/v2\/media?parent=55850"}],"wp:term":[{"taxonomy":"product_cat","embeddable":true,"href":"https:\/\/dualtron-store.com\/index.php\/wp-json\/wp\/v2\/product_cat?post=55850"},{"taxonomy":"product_tag","embeddable":true,"href":"https:\/\/dualtron-store.com\/index.php\/wp-json\/wp\/v2\/product_tag?post=55850"}],"curies":[{"name":"wp","href":"https:\/\/api.w.org\/{rel}","templated":true}]}}