{"id":54523,"date":"2022-12-08T18:37:29","date_gmt":"2022-12-08T17:37:29","guid":{"rendered":"https:\/\/dualtron-store.com\/?post_type=product&#038;p=54523"},"modified":"2026-02-19T09:37:30","modified_gmt":"2026-02-19T08:37:30","slug":"protection-de-plateau-silicone-dualtron-mini","status":"publish","type":"product","link":"https:\/\/dualtron-store.com\/index.php\/produit\/protection-de-plateau-silicone-dualtron-mini\/","title":{"rendered":"Protection de plateau Silicone Dualtron Mini"},"content":{"rendered":"<p>J\u00e9r\u00f4me vous pr\u00e9sente le montage de la protection de plateau silicone sur votre Dulatron Mini.<\/p>\n<p><iframe loading=\"lazy\" title=\"Installation de la protection silicone Dualtron Mini - trottinette \u00e9lectrique\" width=\"1140\" height=\"641\" src=\"https:\/\/www.youtube.com\/embed\/fko85OZNImA?feature=oembed\" frameborder=\"0\" allow=\"accelerometer; autoplay; clipboard-write; encrypted-media; gyroscope; picture-in-picture; web-share\" referrerpolicy=\"strict-origin-when-cross-origin\" allowfullscreen><\/iframe><\/p>\n","protected":false},"excerpt":{"rendered":"<p><strong>Protection de plateau silicone Dualtron mini Special.<br \/>\n<\/strong>Compatible pour toutes Dualtron mini.<\/p>\n<p>Les avantages : tr\u00e8s esth\u00e9tique, facilit\u00e9 d&#8217;entretien ( nettoyage \u00e0 l&#8217;\u00e9ponge ) , excellente adh\u00e9rence et meilleur confort.<\/p>\n","protected":false},"featured_media":86395,"comment_status":"open","ping_status":"closed","template":"","meta":{"om_disable_all_campaigns":false,"_mi_skip_tracking":false,"_monsterinsights_sitenote_active":false,"_monsterinsights_sitenote_note":"","_monsterinsights_sitenote_category":0},"product_cat":[287,18,51],"product_tag":[],"aioseo_notices":[],"_links":{"self":[{"href":"https:\/\/dualtron-store.com\/index.php\/wp-json\/wp\/v2\/product\/54523"}],"collection":[{"href":"https:\/\/dualtron-store.com\/index.php\/wp-json\/wp\/v2\/product"}],"about":[{"href":"https:\/\/dualtron-store.com\/index.php\/wp-json\/wp\/v2\/types\/product"}],"replies":[{"embeddable":true,"href":"https:\/\/dualtron-store.com\/index.php\/wp-json\/wp\/v2\/comments?post=54523"}],"wp:featuredmedia":[{"embeddable":true,"href":"https:\/\/dualtron-store.com\/index.php\/wp-json\/wp\/v2\/media\/86395"}],"wp:attachment":[{"href":"https:\/\/dualtron-store.com\/index.php\/wp-json\/wp\/v2\/media?parent=54523"}],"wp:term":[{"taxonomy":"product_cat","embeddable":true,"href":"https:\/\/dualtron-store.com\/index.php\/wp-json\/wp\/v2\/product_cat?post=54523"},{"taxonomy":"product_tag","embeddable":true,"href":"https:\/\/dualtron-store.com\/index.php\/wp-json\/wp\/v2\/product_tag?post=54523"}],"curies":[{"name":"wp","href":"https:\/\/api.w.org\/{rel}","templated":true}]}}