{"id":54400,"date":"2022-12-05T18:14:28","date_gmt":"2022-12-05T17:14:28","guid":{"rendered":"https:\/\/dualtron-store.com\/?post_type=product&#038;p=54400"},"modified":"2022-12-05T18:26:43","modified_gmt":"2022-12-05T17:26:43","slug":"solde-du-paiement-dualtron-storm-limited","status":"publish","type":"product","link":"https:\/\/dualtron-store.com\/index.php\/produit\/solde-du-paiement-dualtron-storm-limited\/","title":{"rendered":"Solde du paiement &#8211;  Dualtron Storm Limited"},"content":{"rendered":"","protected":false},"excerpt":{"rendered":"<p><strong>Solde du paiement pour \u00a0Dualtron Storm Limited\u00a0:\u00a01224,55\u20ac <\/strong><\/p>\n<p><strong>3990 euros d\u00e9j\u00e0 r\u00e9gl\u00e9.\u00a0<\/strong><\/p>\n<p><strong>Prix total de la dualtron Storm limited : 5214,55\u20ac<\/strong><\/p>\n","protected":false},"featured_media":0,"comment_status":"open","ping_status":"closed","template":"","meta":{"om_disable_all_campaigns":false,"_mi_skip_tracking":false,"_monsterinsights_sitenote_active":false,"_monsterinsights_sitenote_note":"","_monsterinsights_sitenote_category":0},"product_cat":[20,38],"product_tag":[],"aioseo_notices":[],"_links":{"self":[{"href":"https:\/\/dualtron-store.com\/index.php\/wp-json\/wp\/v2\/product\/54400"}],"collection":[{"href":"https:\/\/dualtron-store.com\/index.php\/wp-json\/wp\/v2\/product"}],"about":[{"href":"https:\/\/dualtron-store.com\/index.php\/wp-json\/wp\/v2\/types\/product"}],"replies":[{"embeddable":true,"href":"https:\/\/dualtron-store.com\/index.php\/wp-json\/wp\/v2\/comments?post=54400"}],"wp:attachment":[{"href":"https:\/\/dualtron-store.com\/index.php\/wp-json\/wp\/v2\/media?parent=54400"}],"wp:term":[{"taxonomy":"product_cat","embeddable":true,"href":"https:\/\/dualtron-store.com\/index.php\/wp-json\/wp\/v2\/product_cat?post=54400"},{"taxonomy":"product_tag","embeddable":true,"href":"https:\/\/dualtron-store.com\/index.php\/wp-json\/wp\/v2\/product_tag?post=54400"}],"curies":[{"name":"wp","href":"https:\/\/api.w.org\/{rel}","templated":true}]}}