{"id":5382,"date":"2019-10-12T12:14:51","date_gmt":"2019-10-12T10:14:51","guid":{"rendered":"https:\/\/dualtron-store.com\/?post_type=product&#038;p=5382"},"modified":"2026-01-29T16:26:53","modified_gmt":"2026-01-29T15:26:53","slug":"bague-de-serrage-dualtron","status":"publish","type":"product","link":"https:\/\/dualtron-store.com\/index.php\/produit\/bague-de-serrage-dualtron\/","title":{"rendered":"collier de serrage renforc\u00e9 Dualtron"},"content":{"rendered":"","protected":false},"excerpt":{"rendered":"<p><strong>Bague de serrage renforc\u00e9e<\/strong> pour colonne Dualtron.<br \/>\nCes 3 bagues permettent de remplacer le collier avec la vis de serrage rapide d&#8217;origine pour renforcer le maintien de la colonne. <strong>Le jeu et le bruit de craquement est tr\u00e8s fortement r\u00e9duit, voire m\u00eame compl\u00e8tement supprim\u00e9 sur la version 60 mm.<\/strong><\/p>\n<p>3 versions:<br \/>\n<strong>\u00a0&#8211; version 22 mm de hauteur avec 1 vis de serrage,<br \/>\n&#8211; version 22 mm de hauteur avec 2 vis de serrage,<br \/>\n&#8211; version 60 mm de hauteur\u00a0avec 6 vis de serrage.<br \/>\n<\/strong><\/p>\n<p>Usinage CNC sur mesure haute pr\u00e9cision.<\/p>\n","protected":false},"featured_media":13925,"comment_status":"open","ping_status":"closed","template":"","meta":{"om_disable_all_campaigns":false,"_mi_skip_tracking":false,"_monsterinsights_sitenote_active":false,"_monsterinsights_sitenote_note":"","_monsterinsights_sitenote_category":0},"product_cat":[275,288,277,276,278,274,279,18,51],"product_tag":[],"aioseo_notices":[],"_links":{"self":[{"href":"https:\/\/dualtron-store.com\/index.php\/wp-json\/wp\/v2\/product\/5382"}],"collection":[{"href":"https:\/\/dualtron-store.com\/index.php\/wp-json\/wp\/v2\/product"}],"about":[{"href":"https:\/\/dualtron-store.com\/index.php\/wp-json\/wp\/v2\/types\/product"}],"replies":[{"embeddable":true,"href":"https:\/\/dualtron-store.com\/index.php\/wp-json\/wp\/v2\/comments?post=5382"}],"wp:featuredmedia":[{"embeddable":true,"href":"https:\/\/dualtron-store.com\/index.php\/wp-json\/wp\/v2\/media\/13925"}],"wp:attachment":[{"href":"https:\/\/dualtron-store.com\/index.php\/wp-json\/wp\/v2\/media?parent=5382"}],"wp:term":[{"taxonomy":"product_cat","embeddable":true,"href":"https:\/\/dualtron-store.com\/index.php\/wp-json\/wp\/v2\/product_cat?post=5382"},{"taxonomy":"product_tag","embeddable":true,"href":"https:\/\/dualtron-store.com\/index.php\/wp-json\/wp\/v2\/product_tag?post=5382"}],"curies":[{"name":"wp","href":"https:\/\/api.w.org\/{rel}","templated":true}]}}