{"id":52942,"date":"2022-10-26T11:14:16","date_gmt":"2022-10-26T09:14:16","guid":{"rendered":"https:\/\/dualtron-store.com\/?post_type=product&#038;p=52942"},"modified":"2026-04-23T01:03:21","modified_gmt":"2026-04-22T23:03:21","slug":"dualtron-x-limited","status":"publish","type":"product","link":"https:\/\/dualtron-store.com\/index.php\/produit\/dualtron-x-limited\/","title":{"rendered":"Dualtron X Limited"},"content":{"rendered":"<h2><strong>La Dualtron X limited : La trottinette de tous les superlatifs<\/strong><\/h2>\n<p>La <strong>dualtron X LTD<\/strong> dispose d&#8217;une \u00e9lectronique en 84V et d&#8217;une \u00e9norme batterie de 60 amp\u00e8res. Elle est \u00e9quip\u00e9e, entre autres, de freins hydrauliques NUTT 4 pistons permettant un freinage ultra puissant, d&#8217;un magnifique \u00e9cran large en couleur connectable en Bluetooth \u00e0 son smartphone, de 5 phares tr\u00e8s puissants, d&#8217;un amortisseur de direction.<\/p>\n<h2><strong>La Dualtron X limited en video (\u00a0unboxing de Dualtron Rider et tests de Kramtoo)<\/strong><\/h2>\n<p>D\u00e9couvrez la pr\u00e9sentation de cette <strong>Dualtron X limited<\/strong> sur notre chaine YouTube Dualtron Store :<\/p>\n<p><iframe loading=\"lazy\" title=\"Unboxing Dualtron X Limited - new display EY4 !!!! - trottinette \u00e9lectrique SURPUISSANTE 13500 W !!!\" width=\"1140\" height=\"641\" src=\"https:\/\/www.youtube.com\/embed\/VvsR8X1zF7Y?feature=oembed\" frameborder=\"0\" allow=\"accelerometer; autoplay; clipboard-write; encrypted-media; gyroscope; picture-in-picture; web-share\" referrerpolicy=\"strict-origin-when-cross-origin\" allowfullscreen><\/iframe><\/p>\n<p>&nbsp;<\/p>\n<p>D\u00e9couvrez les tests on-road et off-road de cette <strong>Dualtron X limited<\/strong> sur la chaine de Kramtoo :<\/p>\n<p><iframe loading=\"lazy\" title=\"DUALTRON X LIMITED 84 VOLTS 13500 WATTS 110 KLH TEST TROTTINETTE \u00c9LECTRIQUE SUR PUISSANTE !\" width=\"1140\" height=\"641\" src=\"https:\/\/www.youtube.com\/embed\/Xeb90e9ai_0?feature=oembed\" frameborder=\"0\" allow=\"accelerometer; autoplay; clipboard-write; encrypted-media; gyroscope; picture-in-picture; web-share\" referrerpolicy=\"strict-origin-when-cross-origin\" allowfullscreen><\/iframe><\/p>\n<h2><\/h2>\n<h2><strong>Caract\u00e9ristiques techniques<\/strong><\/h2>\n<p><strong>Batterie\u00a0:<\/strong>\u00a084V 60A<\/p>\n<p><strong>Puissance \u00a0:<\/strong> 13500 W<\/p>\n<p><strong>Freinage\u00a0:<\/strong> \u00a0Freins disques avant et arri\u00e8re NUTT 4 pistons + freins \u00e9lectriques KERS<\/p>\n<p><strong>Vitesse max\u00a0:<\/strong> 25 km\/h sur voie publique ou plus de 110 km\/h sur terrain priv\u00e9<\/p>\n<p><strong>Pneus :<\/strong> 13 pouces tubeless<\/p>\n<p><strong>Suspensions\u00a0:<\/strong>\u00a0Suspensions hydrauliques et amortisseurs avant et arri\u00e8re<\/p>\n<p><strong>Dispositif d\u2019\u00e9clairage :<\/strong> 3 phares de 30W + 2 phares de 5 W pour une puissance totale d&#8217;\u00e9clairage de 100 W.<\/p>\n<p>&nbsp;<\/p>\n<h2><strong>Pourquoi acheter la Dualtron X limited chez DUALTRON Store ?<\/strong><\/h2>\n<p><strong>DUALTRON Store, boutique\u00a0officielle de la marque\u00a0Minimotors,<\/strong>\u00a0dispose \u00e0 son catalogue de l&#8217;ensemble des trottinettes \u00e9lectriques du Fabricant Minimotors ( Dualtron, Futecher, Speedway et Rovoron) et\u00a0vous offre un service PREMIUM .<\/p>\n<p>Nous nous attachons \u00e0 pr\u00e9parer chaque trottinette avant remise au client. Avant exp\u00e9dition, la <strong>Dualtron X limited\u00a0<\/strong>sera v\u00e9rifi\u00e9e et r\u00e9gl\u00e9e en atelier suivant vos attentes (bridage ou pas, r\u00e9glage du niveau de puissance, montage d&#8217;accessoires, mise en place de pi\u00e8ces de customisation, &#8230;).<\/p>\n<p><strong>Nous sommes \u00e0 disposition au 07 61 87 64 04 ou au 06 95 90 31 91 pour vous aider dans votre choix et\/ou r\u00e9pondre \u00e0 vos questions.<\/strong><\/p>\n","protected":false},"excerpt":{"rendered":"<p><img loading=\"lazy\" class=\"alignnone wp-image-614\" src=\"http:\/\/moburbaine.fr\/wp-content\/uploads\/2018\/06\/dulatron.png\" alt=\"\" width=\"246\" height=\"52\" \/><\/p>\n<p><strong>La Dualtron X limited ( LTD ) 84V 60 amp\u00e8res est la trottinette la plus puissante de la gamme Dualtron du fabricant Minimotors. Elle est \u00e9quip\u00e9e des derniers \u00e9quipements con\u00e7us par le fabricant Minimotors dont notamment le nouvel \u00e9cran EY4 connectable en\u00a0Bluetooth au smartphone.<\/strong><\/p>\n<p><span style=\"color: #800080;\"><strong>Possibilit\u00e9 de paiement en 2X, 3X ou 4X par Carte Bancaire sans frais ou en 10X \u00e0 60X avec Younited.<\/strong><\/span><\/p>\n<p><span style=\"color: #333399;\"><strong>N\u2019h\u00e9sitez pas \u00e0 nous contactez au 06 95 90 31 91 pour tout renseignement.<\/strong><\/span><\/p>\n<p><span style=\"color: #800080;\"><strong>La Dualtron X limited est en stock . Attention , tarif exceptionnel pour une quantit\u00e9 limit\u00e9e.<\/strong><\/span><\/p>\n","protected":false},"featured_media":52943,"comment_status":"open","ping_status":"closed","template":"","meta":{"om_disable_all_campaigns":false,"_mi_skip_tracking":false,"_monsterinsights_sitenote_active":false,"_monsterinsights_sitenote_note":"","_monsterinsights_sitenote_category":0},"product_cat":[20,38],"product_tag":[],"aioseo_notices":[],"_links":{"self":[{"href":"https:\/\/dualtron-store.com\/index.php\/wp-json\/wp\/v2\/product\/52942"}],"collection":[{"href":"https:\/\/dualtron-store.com\/index.php\/wp-json\/wp\/v2\/product"}],"about":[{"href":"https:\/\/dualtron-store.com\/index.php\/wp-json\/wp\/v2\/types\/product"}],"replies":[{"embeddable":true,"href":"https:\/\/dualtron-store.com\/index.php\/wp-json\/wp\/v2\/comments?post=52942"}],"wp:featuredmedia":[{"embeddable":true,"href":"https:\/\/dualtron-store.com\/index.php\/wp-json\/wp\/v2\/media\/52943"}],"wp:attachment":[{"href":"https:\/\/dualtron-store.com\/index.php\/wp-json\/wp\/v2\/media?parent=52942"}],"wp:term":[{"taxonomy":"product_cat","embeddable":true,"href":"https:\/\/dualtron-store.com\/index.php\/wp-json\/wp\/v2\/product_cat?post=52942"},{"taxonomy":"product_tag","embeddable":true,"href":"https:\/\/dualtron-store.com\/index.php\/wp-json\/wp\/v2\/product_tag?post=52942"}],"curies":[{"name":"wp","href":"https:\/\/api.w.org\/{rel}","templated":true}]}}