{"id":50376,"date":"2022-08-29T17:14:55","date_gmt":"2022-08-29T15:14:55","guid":{"rendered":"https:\/\/dualtron-store.com\/?post_type=product&#038;p=50376"},"modified":"2022-08-30T16:09:37","modified_gmt":"2022-08-30T14:09:37","slug":"passage-de-la-speedway-leger-lite-a-la-dualtron-mini-13ah","status":"publish","type":"product","link":"https:\/\/dualtron-store.com\/index.php\/produit\/passage-de-la-speedway-leger-lite-a-la-dualtron-mini-13ah\/","title":{"rendered":"Passage de la speedway leger lite a la dualtron mini 13ah"},"content":{"rendered":"","protected":false},"excerpt":{"rendered":"<p><strong>Passage de la speedway leger lite a la dualtron mini double freins 13 Ah.<\/strong><\/p>\n<p><strong>549 euros d\u00e9j\u00e0 r\u00e9gl\u00e9 , compl\u00e9ment \u00e0\u00a0r\u00e9gler de 451 euros ( ce qui correspond \u00e0 un montant de 1000 euros pour la\u00a0Dualtron Mini au lieu de 1090 euros )<\/strong><\/p>\n<p><strong>Compl\u00e9ment \u00e0 r\u00e9gler : \u00a0451 euros.<\/strong><\/p>\n","protected":false},"featured_media":40531,"comment_status":"open","ping_status":"closed","template":"","meta":{"om_disable_all_campaigns":false,"_mi_skip_tracking":false,"_monsterinsights_sitenote_active":false,"_monsterinsights_sitenote_note":"","_monsterinsights_sitenote_category":0},"product_cat":[20,38],"product_tag":[],"aioseo_notices":[],"_links":{"self":[{"href":"https:\/\/dualtron-store.com\/index.php\/wp-json\/wp\/v2\/product\/50376"}],"collection":[{"href":"https:\/\/dualtron-store.com\/index.php\/wp-json\/wp\/v2\/product"}],"about":[{"href":"https:\/\/dualtron-store.com\/index.php\/wp-json\/wp\/v2\/types\/product"}],"replies":[{"embeddable":true,"href":"https:\/\/dualtron-store.com\/index.php\/wp-json\/wp\/v2\/comments?post=50376"}],"wp:featuredmedia":[{"embeddable":true,"href":"https:\/\/dualtron-store.com\/index.php\/wp-json\/wp\/v2\/media\/40531"}],"wp:attachment":[{"href":"https:\/\/dualtron-store.com\/index.php\/wp-json\/wp\/v2\/media?parent=50376"}],"wp:term":[{"taxonomy":"product_cat","embeddable":true,"href":"https:\/\/dualtron-store.com\/index.php\/wp-json\/wp\/v2\/product_cat?post=50376"},{"taxonomy":"product_tag","embeddable":true,"href":"https:\/\/dualtron-store.com\/index.php\/wp-json\/wp\/v2\/product_tag?post=50376"}],"curies":[{"name":"wp","href":"https:\/\/api.w.org\/{rel}","templated":true}]}}