{"id":47206,"date":"2022-06-16T17:03:12","date_gmt":"2022-06-16T15:03:12","guid":{"rendered":"https:\/\/dualtron-store.com\/?post_type=product&#038;p=47206"},"modified":"2022-06-16T21:32:29","modified_gmt":"2022-06-16T19:32:29","slug":"dualtron-thunder-x-2021-edition-speciale-boostee-avec-cale-pied-thunder-2","status":"publish","type":"product","link":"https:\/\/dualtron-store.com\/index.php\/produit\/dualtron-thunder-x-2021-edition-speciale-boostee-avec-cale-pied-thunder-2\/","title":{"rendered":"Dualtron Thunder X 2021 &#8211; \u00e9dition sp\u00e9ciale boost\u00e9e avec cale pied thunder 2"},"content":{"rendered":"<h2><strong>La\u00a0Dualtron Thunder X , une Thunder boost\u00e9e<\/strong><\/h2>\n<p>La Dualtron Thunder X est une \u00e9dition sp\u00e9ciale de la Dualtron Thunder. Celle-ci dispose de 2 contr\u00f4leurs de 50 amp\u00e8res au lieu de 2 contr\u00f4leurs de 40 amp\u00e8res dans la version standard. Ces contr\u00f4leurs permettent d&#8217;obtenir une puissance max de 6750 watts au lieu de 5400 watts pour la thunder classique.<\/p>\n<h2><strong>Controleurs de 50 Amp\u00e8res<\/strong><\/h2>\n<p>La <strong>Dualtron Thunder X<\/strong>\u00a0dispose d&#8217;une \u00e9lectronique en 60 V : batterie LG 60V 35 Ah et contr\u00f4leurs 60 V 50 amp\u00e8res. \u00a0L&#8217;upgrade en contr\u00f4leurs de 50 amp\u00e8res permet un gain de puissance et de couple de 25 % vis \u00e0 vis de la thunder classique.<\/p>\n<h2><strong>La fiche technique<\/strong><\/h2>\n<p><strong>Batterie\u00a0:<\/strong>\u00a0LG 60V &#8211; 35 ah<\/p>\n<p><strong>Puissance \u00a0:<\/strong>\u00a06750 W maximum<\/p>\n<p><strong>Freinage\u00a0:<\/strong> \u00a0Freins disques avant et arri\u00e8re hydraulique NUTT + freinage \u00e9lectrique \u00e0 r\u00e9cup\u00e9ration d&#8217;\u00e9nergie,<\/p>\n<p><strong>Vitesse max\u00a0:<\/strong> 25 km\/h ou 85 km\/h sur voie priv\u00e9e<\/p>\n<p><strong>Roues\u00a0:<\/strong> 11 pouces \u2013 pneus tubeless<\/p>\n<p><strong>Suspensions\u00a0:<\/strong>\u00a0cartouche de suspension &#8216;interchangeable&#8217; \u00e0 l\u2019avant et \u00e0 l\u2019arri\u00e8re<\/p>\n<p><strong>Dispositif d\u2019\u00e9clairage :<\/strong>\u00a0Colonne lumineuse, feus avant et arri\u00e8res, warning.<\/p>\n<p>&nbsp;<\/p>\n<h2><strong>Pourquoi acheter la Dualtron Thunder X chez DUALTRON Store ?<\/strong><\/h2>\n<p><strong>DUALTRON Store, boutique\u00a0officielle de la marque,<\/strong>\u00a0dispose \u00e0 son catalogue l&#8217;ensemble des trottinettes \u00e9lectriques du Fabricant Minimotors ( Dualtron, Futecher et Speedway) et\u00a0vous offre un service <strong>PREMIUM<\/strong> .<\/p>\n<p>Avant livraison et exp\u00e9dition, La <strong>Dualtron Thunder X<\/strong> passera par l&#8217;atelier et\u00a0sera contr\u00f4l\u00e9e et r\u00e9gl\u00e9e suivant vos attentes (bridage ou pas, r\u00e9glage du niveau de puissance, montage d&#8217;accessoires, installation d&#8217;accessoires de customisation, &#8230;).<\/p>\n<p>Vous pouvez nous joindre au 07 61 87 64 04 ou au 06 95 90 31 91 afin de vous apporter plus de renseignement sur cette <strong>Dualtron Thunder X<\/strong>.<\/p>\n<p>&nbsp;<\/p>\n","protected":false},"excerpt":{"rendered":"<p><img loading=\"lazy\" class=\"alignnone wp-image-614\" src=\"https:\/\/dualtron-store.com\/wp-content\/uploads\/2018\/06\/dulatron.png\" alt=\"\" width=\"246\" height=\"52\" \/><\/p>\n<p><b>La\u00a0Dualtron Thunder X est une\u00a0version boost\u00e9e de la Thunder. Elle dispose de\u00a0contr\u00f4leurs de 50 amp\u00e8res. Toutes les autres\u00a0caract\u00e9ristiques sont identiques \u00e0 la\u00a0Dualtron Thunder 2021.<\/b><\/p>\n<p><strong><span style=\"color: #333399;\">Possibilit\u00e9 de paiement en 3X ou 4X par Carte Bancaire sans justificatif.<\/span><br \/>\n<\/strong><\/p>\n<p><strong><span style=\"color: #800080;\"><span style=\"caret-color: #800080;\">En stock.<\/span><\/span><br \/>\n<span style=\"color: #000000;\">N&#8217;h\u00e9sitez pas \u00e0 nous contactez au 07 61 87 64 04.<\/span><\/strong><\/p>\n<p><span style=\"color: #993366;\"><strong>Le montant de 3590 euros correspond au prix de la thunder X 2021 \u00e9quip\u00e9e du cale pied de thunder 2.<\/strong><\/span><\/p>\n","protected":false},"featured_media":34536,"comment_status":"open","ping_status":"closed","template":"","meta":{"om_disable_all_campaigns":false,"_mi_skip_tracking":false,"_monsterinsights_sitenote_active":false,"_monsterinsights_sitenote_note":"","_monsterinsights_sitenote_category":0},"product_cat":[20,38],"product_tag":[],"aioseo_notices":[],"_links":{"self":[{"href":"https:\/\/dualtron-store.com\/index.php\/wp-json\/wp\/v2\/product\/47206"}],"collection":[{"href":"https:\/\/dualtron-store.com\/index.php\/wp-json\/wp\/v2\/product"}],"about":[{"href":"https:\/\/dualtron-store.com\/index.php\/wp-json\/wp\/v2\/types\/product"}],"replies":[{"embeddable":true,"href":"https:\/\/dualtron-store.com\/index.php\/wp-json\/wp\/v2\/comments?post=47206"}],"wp:featuredmedia":[{"embeddable":true,"href":"https:\/\/dualtron-store.com\/index.php\/wp-json\/wp\/v2\/media\/34536"}],"wp:attachment":[{"href":"https:\/\/dualtron-store.com\/index.php\/wp-json\/wp\/v2\/media?parent=47206"}],"wp:term":[{"taxonomy":"product_cat","embeddable":true,"href":"https:\/\/dualtron-store.com\/index.php\/wp-json\/wp\/v2\/product_cat?post=47206"},{"taxonomy":"product_tag","embeddable":true,"href":"https:\/\/dualtron-store.com\/index.php\/wp-json\/wp\/v2\/product_tag?post=47206"}],"curies":[{"name":"wp","href":"https:\/\/api.w.org\/{rel}","templated":true}]}}