{"id":43851,"date":"2022-04-12T10:53:09","date_gmt":"2022-04-12T08:53:09","guid":{"rendered":"https:\/\/dualtron-store.com\/index.php\/produit\/pneu-pmt-t41-110-55r65\/"},"modified":"2025-05-02T17:09:30","modified_gmt":"2025-05-02T15:09:30","slug":"pneu-pmt-t41-110-55r65","status":"publish","type":"product","link":"https:\/\/dualtron-store.com\/index.php\/produit\/pneu-pmt-t41-110-55r65\/","title":{"rendered":"Pneu PMT T41 110\/55R6,5"},"content":{"rendered":"","protected":false},"excerpt":{"rendered":"<p>Le pneu PMT T41 110\/55R6,5 est une option de haute qualit\u00e9 sp\u00e9cifiquement con\u00e7ue pour les trottinettes \u00e9lectriques. Avec ses dimensions 110\/55R6,5, ce pneu offre une combinaison optimale de stabilit\u00e9, d&#8217;adh\u00e9rence et de durabilit\u00e9 pour r\u00e9pondre aux exigences sp\u00e9cifiques des trottinettes \u00e9lectriques.<\/p>\n","protected":false},"featured_media":68762,"comment_status":"open","ping_status":"closed","template":"","meta":{"om_disable_all_campaigns":false,"_mi_skip_tracking":false,"_monsterinsights_sitenote_active":false,"_monsterinsights_sitenote_note":"","_monsterinsights_sitenote_category":0},"product_cat":[51],"product_tag":[],"aioseo_notices":[],"_links":{"self":[{"href":"https:\/\/dualtron-store.com\/index.php\/wp-json\/wp\/v2\/product\/43851"}],"collection":[{"href":"https:\/\/dualtron-store.com\/index.php\/wp-json\/wp\/v2\/product"}],"about":[{"href":"https:\/\/dualtron-store.com\/index.php\/wp-json\/wp\/v2\/types\/product"}],"replies":[{"embeddable":true,"href":"https:\/\/dualtron-store.com\/index.php\/wp-json\/wp\/v2\/comments?post=43851"}],"wp:featuredmedia":[{"embeddable":true,"href":"https:\/\/dualtron-store.com\/index.php\/wp-json\/wp\/v2\/media\/68762"}],"wp:attachment":[{"href":"https:\/\/dualtron-store.com\/index.php\/wp-json\/wp\/v2\/media?parent=43851"}],"wp:term":[{"taxonomy":"product_cat","embeddable":true,"href":"https:\/\/dualtron-store.com\/index.php\/wp-json\/wp\/v2\/product_cat?post=43851"},{"taxonomy":"product_tag","embeddable":true,"href":"https:\/\/dualtron-store.com\/index.php\/wp-json\/wp\/v2\/product_tag?post=43851"}],"curies":[{"name":"wp","href":"https:\/\/api.w.org\/{rel}","templated":true}]}}