{"id":41814,"date":"2022-03-01T15:00:17","date_gmt":"2022-03-01T14:00:17","guid":{"rendered":"https:\/\/dualtron-store.com\/index.php\/produit\/chargeur-pour-dualtron-et-speedway-5\/"},"modified":"2026-02-11T15:17:25","modified_gmt":"2026-02-11T14:17:25","slug":"chargeur-pour-dualtron-et-speedway-5","status":"publish","type":"product","link":"https:\/\/dualtron-store.com\/index.php\/produit\/chargeur-pour-dualtron-et-speedway-5\/","title":{"rendered":"Chargeur Officiel Dualtron \/ Speedway \/ Rovoron \/ Blade"},"content":{"rendered":"<h2><strong>Correspondance Voltage Chargeur \/ Mod\u00e8le de trottinette<\/strong><\/h2>\n<p><strong>&#8211; 42V 2A :\u00a0<\/strong>correspond aux mod\u00e8les disposants d&#8217;une <strong>batterie 36V<\/strong> suivants : <a href=\"https:\/\/dualtron-store.com\/index.php\/produit\/speedway-mini-4-pro-lite\">Speedway Mini 4 pro lite 36 V<\/a>, <a href=\"https:\/\/dualtron-store.com\/index.php\/produit\/speedway-leger-lite\/\">Speedway Leger 36V<\/a>,<\/p>\n<p><strong>&#8211; 58,1V 2A :\u00a0<\/strong>correspond aux mod\u00e8les disposants d&#8217;une <strong>batterie 52V<\/strong> suivants : <a href=\"https:\/\/dualtron-store.com\/index.php\/produit\/dualtron-mini\/\">Dualtron Mini<\/a>, Pop, <a href=\"https:\/\/dualtron-store.com\/index.php\/produit\/futecher-gun\/\">Futecher GUN Pro, Aminia<\/a><\/p>\n<p><strong>&#8211; 66,4 V 1,75A :\u00a0<\/strong>correspond aux mod\u00e8les disposants d&#8217;une <strong>batterie 60V<\/strong> suivants : <a href=\"https:\/\/dualtron-store.com\/index.php\/produit\/dualtron-victor-21-ah-pro-30-ah\/\">Dualtron Victor<\/a>, <a href=\"https:\/\/dualtron-store.com\/index.php\/produit\/dualtron-spider-2-24-ah-et-30-ah\/\">Dualtron Spider 2<\/a>, <a href=\"https:\/\/dualtron-store.com\/index.php\/produit\/dualtron-thunder-2021\/\">Dualtron Thunder<\/a>, <a href=\"https:\/\/dualtron-store.com\/index.php\/produit\/dualtron-new-edition-nutt\/\">Dualtron New<\/a>, <a href=\"https:\/\/dualtron-store.com\/index.php\/produit\/dualtron-raptor\/\">Dualtron Raptor<\/a>, <a href=\"https:\/\/dualtron-store.com\/index.php\/produit\/dualtron-victor-luxury-24-ah-et-30-ah\/\">Dualtron Victor Luxury<\/a>, <a href=\"https:\/\/dualtron-store.com\/index.php\/produit\/dualtron-city-20-ah-et-25-ah\/\">Dualtron City<\/a>, <a href=\"https:\/\/dualtron-store.com\/index.php\/produit\/dualtron-achilleus\/\">Dualtron Achilleus<\/a><strong>, <\/strong><a href=\"https:\/\/dualtron-store.com\/index.php\/produit\/speedway-5\/\">Speedway 5<\/a>, <a href=\"https:\/\/dualtron-store.com\/index.php\/produit\/dualtron-eagle\/\">Dualtron Eagle<\/a>, <a href=\"https:\/\/dualtron-store.com\/index.php\/produit\/dualtron-blade-x\/\">Dualtron Blade X<\/a>, Dualtron Ultra 1, <a href=\"https:\/\/dualtron-store.com\/index.php\/produit\/rovoron-kullter-234ah-256ah-315ah\/\">Rovoron Kullter, Dualtron forever, TOGO LTD<\/a><\/p>\n<p><strong>&#8211; 83,0V 1,75A :\u00a0<\/strong>correspond aux mod\u00e8les disposants d&#8217;une <strong>batterie 72V<\/strong> suivants : <a href=\"https:\/\/dualtron-store.com\/index.php\/produit\/dualtron-thunder-2\/\">Dualtron Thunder 2<\/a>, Dualtron Storm, <a href=\"https:\/\/dualtron-store.com\/index.php\/produit\/dualtron-ultra-ii\/\">Dualtron Ultra 2<\/a><\/p>\n<h2><\/h2>\n<p>&nbsp;<\/p>\n<h2><strong>Type de connecteur &#8220;ancien connecteur&#8221; ou &#8220;nouveau connecteur&#8221;\u00a0<\/strong><\/h2>\n<p>Mi 2022, Minimotors a chang\u00e9 et mis en place des nouveaux connecteurs de charge sur leurs trottinettes. Il existe dons d\u00e9sormais, pour un m\u00eame mod\u00e8le de trottinette, 2 types de chargeurs possibles. Les trottinettes fabriqu\u00e9es avant mi 2022 disposent de l&#8217;ancien connecteur et les trottinettes fabriqu\u00e9es apr\u00e8s mi-2022 disposent du nouveau connecteur.<br \/>\n<strong>Afin d&#8217;identifier le bon connecteur de votre chargeur, vous pouvez l&#8217;identifier \u00e0 l&#8217;aide des photos ci-dessous :\u00a0<\/strong><\/p>\n<p><strong>&#8211; ancien connecteur :<br \/>\n<\/strong>Les chargeurs &#8220;ancien connecteur&#8221; disposent de la prise de charge suivante :<br \/>\n<a href=\"https:\/\/dualtron-store.com\/wp-content\/uploads\/2022\/03\/prise-gx16.jpeg\"><img loading=\"lazy\" class=\"alignnone wp-image-54534\" src=\"https:\/\/dualtron-store.com\/wp-content\/uploads\/2022\/03\/prise-gx16.jpeg\" alt=\"\" width=\"144\" height=\"144\" \/><\/a><\/p>\n<p>&nbsp;<\/p>\n<p><strong>&#8211; nouveau connecteur :<br \/>\n<\/strong>Les chargeurs &#8220;nouveau connecteur&#8221; disposent de la prise de charge suivante :<br \/>\n<a href=\"https:\/\/dualtron-store.com\/wp-content\/uploads\/2022\/03\/Prise-xlr.png\"><img loading=\"lazy\" class=\"alignnone wp-image-54535\" src=\"https:\/\/dualtron-store.com\/wp-content\/uploads\/2022\/03\/Prise-xlr-300x197.png\" alt=\"\" width=\"215\" height=\"141\" \/><\/a><\/p>\n<p>&nbsp;<\/p>\n<h2><strong>Pourquoi acheter un chargeur officiel\u00a0plut\u00f4t q&#8217;un\u00a0chargeur compatible?<\/strong><\/h2>\n<p><strong>DUALTRON Store \u00ae,\u00a0boutique officielle, <\/strong>commercialise des chargeurs officiel . Il faut entendre par &#8216;officiel&#8217; des chargeurs issus du fabricant MiniMotros qui fabrique les trottinettes Dualtron, Speedway, Rovoron et Blade ainsi que les pi\u00e8ces d\u00e9tach\u00e9s de ses trottinettes \u00e9lectriques . Vous pouvez trouver par ailleurs et potentiellement moins cher, des chargeurs dits &#8220;compatibles. Ces chargeurs compatibles ne sont pas recommand\u00e9s car ne disposent pas exactement du m\u00eame voltage que les chargeurs officiels et\u00a0risquent\u00a0d&#8217;endommager la batterie de votre trottinette \u00e9lectrique.<\/p>\n<p><strong>Acheter un chargeur officiel chez DUALTRON Store \u00ae\u00a0vous apporte donc une garantie optimale sur sa qualit\u00e9 et son origine afin de ne pas\u00a0endommager la batterie de votre trottinette \u00e9lectrique.<\/strong><\/p>\n","protected":false},"excerpt":{"rendered":"<p><strong>Chargeur officiel<\/strong> d&#8217;origine MiniMotors additionnel ou de remplacement<strong>\u00a0pour l&#8217;ensemble des mod\u00e8les de la gamme Dualtron, Speedway, Rovoron et Blade X.<\/strong><\/p>\n<p>Possibilit\u00e9 de brancher 2 chargeurs pour diviser le temps de charge par 2 sur les mod\u00e8les disposant de deux connecteurs de charge.<br \/>\n<i><br \/>\nAttention: d&#8217;autres chargeurs dits &#8220;compatibles&#8221; sont commercialis\u00e9s par ailleurs. Ils ne sont pas recommand\u00e9s car ne disposent pas exactement du m\u00eame voltage et\u00a0risquent\u00a0d&#8217;endommager la batterie.<\/i><\/p>\n<p><strong><span style=\"color: #993366;\">Veuillez consulter la description ci-dessous pour identifier le chargeur correspondant \u00e0 votre mod\u00e8le. En cas de doute,\u00a0n&#8217;h\u00e9sitez\u00a0pas \u00e0 nous contacter.<\/span><\/strong><\/p>\n","protected":false},"featured_media":54552,"comment_status":"open","ping_status":"closed","template":"","meta":{"om_disable_all_campaigns":false,"_mi_skip_tracking":false,"_monsterinsights_sitenote_active":false,"_monsterinsights_sitenote_note":"","_monsterinsights_sitenote_category":0},"product_cat":[345,348,346,275,526,617,734,641,288,277,618,287,276,545,528,278,743,272,274,525,615,740,741,279,280,325,742,613,616,281,273,704,324,283,282,285,18,51,52],"product_tag":[],"aioseo_notices":[],"_links":{"self":[{"href":"https:\/\/dualtron-store.com\/index.php\/wp-json\/wp\/v2\/product\/41814"}],"collection":[{"href":"https:\/\/dualtron-store.com\/index.php\/wp-json\/wp\/v2\/product"}],"about":[{"href":"https:\/\/dualtron-store.com\/index.php\/wp-json\/wp\/v2\/types\/product"}],"replies":[{"embeddable":true,"href":"https:\/\/dualtron-store.com\/index.php\/wp-json\/wp\/v2\/comments?post=41814"}],"wp:featuredmedia":[{"embeddable":true,"href":"https:\/\/dualtron-store.com\/index.php\/wp-json\/wp\/v2\/media\/54552"}],"wp:attachment":[{"href":"https:\/\/dualtron-store.com\/index.php\/wp-json\/wp\/v2\/media?parent=41814"}],"wp:term":[{"taxonomy":"product_cat","embeddable":true,"href":"https:\/\/dualtron-store.com\/index.php\/wp-json\/wp\/v2\/product_cat?post=41814"},{"taxonomy":"product_tag","embeddable":true,"href":"https:\/\/dualtron-store.com\/index.php\/wp-json\/wp\/v2\/product_tag?post=41814"}],"curies":[{"name":"wp","href":"https:\/\/api.w.org\/{rel}","templated":true}]}}