{"id":38575,"date":"2021-11-06T22:20:10","date_gmt":"2021-11-06T21:20:10","guid":{"rendered":"https:\/\/dualtron-store.com\/?post_type=product&#038;p=38575"},"modified":"2025-05-22T11:32:07","modified_gmt":"2025-05-22T09:32:07","slug":"pneu-pmt-e-fire-10x3-r6-0","status":"publish","type":"product","link":"https:\/\/dualtron-store.com\/index.php\/produit\/pneu-pmt-e-fire-10x3-r6-0\/","title":{"rendered":"Pneu PMT E-FIRE 10&#215;3 R6.0"},"content":{"rendered":"<h2><strong>Pr\u00e9sentation<\/strong><\/h2>\n<p>Fabricant de pneus, la marque italienne PMT est connue et reconnue dans le domaine de comp\u00e9tition pour \u00e9quiper les karting, les motos GP. Au regard de l&#8217;essor de la trottinette \u00e9lectrique , la marque PMT propose d\u00e9sormais \u00e0 son catalogue un large choix de pneus pour \u00e9quiper nos trottinettes \u00e9lectriques.<\/p>\n<p>Ce pneus\u00a0<strong>PMT E-FIRE de taille 10 x3 pouces<\/strong> \u00e9tait tr\u00e8s attendu par beaucoup d&#8217;utilisateurs . Il est enfin disponible et permet d&#8217;\u00e9quiper nos trottinettes \u00e9lectriques 10 pouces comme la Dualtron Victor, la dualtron 3, la speedway 5 (sans modifications) et \u00e9galement la Dualtron new et la dualtron eagle en modifiant le garde boue arri\u00e8re.<\/p>\n<p>&nbsp;<\/p>\n<h2><strong>Caract\u00e9ristiques techniques<\/strong><\/h2>\n<p><strong>Dimensions<\/strong> : 10&#8243; x 3 (R6.0)<br \/>\n<strong>Duret\u00e9<\/strong> :\u00a052 Rive A<br \/>\n<strong>Largeur du pneu<\/strong> :\u00a076 mm<br \/>\n<strong>Diam\u00e8tre ext\u00e9rieur :\u00a0<\/strong>250 mm<br \/>\n<strong>Bande de roulement :<\/strong> \u00a0Stradale \/ radial<br \/>\n<strong>Pression :\u00a0<\/strong>1,8-3 bars \/ 26-43 psi<\/p>\n","protected":false},"excerpt":{"rendered":"<p><strong>Pneu Tubeless 10 x 3.00<\/strong> haut de gamme de marque <strong>PMT<\/strong>\u00a0pour trottinettes \u00e9lectriques 10 pouces ( Dualtron Victor, dualtron 3, etc&#8230; ) .<br \/>\nAvec une forme plus arrondie et une qualit\u00e9 de gomme sup\u00e9rieure aux pneus d&#8217;origine, ce <strong>PMT efire 10&#215;3.00<\/strong> vous offrira une meilleure adh\u00e9rence et vous permettra de prendre les virages serr\u00e9s en toute s\u00e9curit\u00e9.<\/p>\n<p>&nbsp;<\/p>\n","protected":false},"featured_media":38576,"comment_status":"open","ping_status":"closed","template":"","meta":{"om_disable_all_campaigns":false,"_mi_skip_tracking":false,"_monsterinsights_sitenote_active":false,"_monsterinsights_sitenote_note":"","_monsterinsights_sitenote_category":0},"product_cat":[277,276,325,326,18],"product_tag":[],"aioseo_notices":[],"_links":{"self":[{"href":"https:\/\/dualtron-store.com\/index.php\/wp-json\/wp\/v2\/product\/38575"}],"collection":[{"href":"https:\/\/dualtron-store.com\/index.php\/wp-json\/wp\/v2\/product"}],"about":[{"href":"https:\/\/dualtron-store.com\/index.php\/wp-json\/wp\/v2\/types\/product"}],"replies":[{"embeddable":true,"href":"https:\/\/dualtron-store.com\/index.php\/wp-json\/wp\/v2\/comments?post=38575"}],"wp:featuredmedia":[{"embeddable":true,"href":"https:\/\/dualtron-store.com\/index.php\/wp-json\/wp\/v2\/media\/38576"}],"wp:attachment":[{"href":"https:\/\/dualtron-store.com\/index.php\/wp-json\/wp\/v2\/media?parent=38575"}],"wp:term":[{"taxonomy":"product_cat","embeddable":true,"href":"https:\/\/dualtron-store.com\/index.php\/wp-json\/wp\/v2\/product_cat?post=38575"},{"taxonomy":"product_tag","embeddable":true,"href":"https:\/\/dualtron-store.com\/index.php\/wp-json\/wp\/v2\/product_tag?post=38575"}],"curies":[{"name":"wp","href":"https:\/\/api.w.org\/{rel}","templated":true}]}}