{"id":38176,"date":"2021-10-25T12:54:39","date_gmt":"2021-10-25T10:54:39","guid":{"rendered":"https:\/\/dualtron-store.com\/?post_type=product&#038;p=38176"},"modified":"2025-01-29T16:54:14","modified_gmt":"2025-01-29T15:54:14","slug":"garde-boue-avant-futecher","status":"publish","type":"product","link":"https:\/\/dualtron-store.com\/index.php\/produit\/garde-boue-avant-futecher\/","title":{"rendered":"Garde Boue Avant Futecher"},"content":{"rendered":"","protected":false},"excerpt":{"rendered":"<p>Le garde-boue avant Futecher est une pi\u00e8ce d&#8217;origine con\u00e7ue sp\u00e9cifiquement pour les trottinettes \u00e9lectriques Futecher. Fabriqu\u00e9 avec des mat\u00e9riaux durables, ce garde-boue offre une protection efficace contre les projections d&#8217;eau, de boue et de d\u00e9bris pendant la conduite.<\/p>\n","protected":false},"featured_media":86635,"comment_status":"open","ping_status":"closed","template":"","meta":{"om_disable_all_campaigns":false,"_mi_skip_tracking":false,"_monsterinsights_sitenote_active":false,"_monsterinsights_sitenote_note":"","_monsterinsights_sitenote_category":0},"product_cat":[324,18],"product_tag":[],"aioseo_notices":[],"_links":{"self":[{"href":"https:\/\/dualtron-store.com\/index.php\/wp-json\/wp\/v2\/product\/38176"}],"collection":[{"href":"https:\/\/dualtron-store.com\/index.php\/wp-json\/wp\/v2\/product"}],"about":[{"href":"https:\/\/dualtron-store.com\/index.php\/wp-json\/wp\/v2\/types\/product"}],"replies":[{"embeddable":true,"href":"https:\/\/dualtron-store.com\/index.php\/wp-json\/wp\/v2\/comments?post=38176"}],"wp:featuredmedia":[{"embeddable":true,"href":"https:\/\/dualtron-store.com\/index.php\/wp-json\/wp\/v2\/media\/86635"}],"wp:attachment":[{"href":"https:\/\/dualtron-store.com\/index.php\/wp-json\/wp\/v2\/media?parent=38176"}],"wp:term":[{"taxonomy":"product_cat","embeddable":true,"href":"https:\/\/dualtron-store.com\/index.php\/wp-json\/wp\/v2\/product_cat?post=38176"},{"taxonomy":"product_tag","embeddable":true,"href":"https:\/\/dualtron-store.com\/index.php\/wp-json\/wp\/v2\/product_tag?post=38176"}],"curies":[{"name":"wp","href":"https:\/\/api.w.org\/{rel}","templated":true}]}}