{"id":3652,"date":"2019-08-28T09:53:20","date_gmt":"2019-08-28T07:53:20","guid":{"rendered":"https:\/\/dualtron-store.com\/?post_type=product&#038;p=3652"},"modified":"2026-04-07T19:43:25","modified_gmt":"2026-04-07T17:43:25","slug":"interrupteur-general-alimentation-dualtron","status":"publish","type":"product","link":"https:\/\/dualtron-store.com\/index.php\/produit\/interrupteur-general-alimentation-dualtron\/","title":{"rendered":"Interrupteur g\u00e9n\u00e9ral alimentation DUALTRON"},"content":{"rendered":"","protected":false},"excerpt":{"rendered":"<p><strong>Interrupteur g\u00e9n\u00e9ral<\/strong> alimentation <strong>DUALTRON<\/strong><\/p>\n","protected":false},"featured_media":83020,"comment_status":"open","ping_status":"closed","template":"","meta":{"om_disable_all_campaigns":false,"_mi_skip_tracking":false,"_monsterinsights_sitenote_active":false,"_monsterinsights_sitenote_note":"","_monsterinsights_sitenote_category":0},"product_cat":[275,288,277,276,278,274,279,18,51],"product_tag":[],"aioseo_notices":[],"_links":{"self":[{"href":"https:\/\/dualtron-store.com\/index.php\/wp-json\/wp\/v2\/product\/3652"}],"collection":[{"href":"https:\/\/dualtron-store.com\/index.php\/wp-json\/wp\/v2\/product"}],"about":[{"href":"https:\/\/dualtron-store.com\/index.php\/wp-json\/wp\/v2\/types\/product"}],"replies":[{"embeddable":true,"href":"https:\/\/dualtron-store.com\/index.php\/wp-json\/wp\/v2\/comments?post=3652"}],"wp:featuredmedia":[{"embeddable":true,"href":"https:\/\/dualtron-store.com\/index.php\/wp-json\/wp\/v2\/media\/83020"}],"wp:attachment":[{"href":"https:\/\/dualtron-store.com\/index.php\/wp-json\/wp\/v2\/media?parent=3652"}],"wp:term":[{"taxonomy":"product_cat","embeddable":true,"href":"https:\/\/dualtron-store.com\/index.php\/wp-json\/wp\/v2\/product_cat?post=3652"},{"taxonomy":"product_tag","embeddable":true,"href":"https:\/\/dualtron-store.com\/index.php\/wp-json\/wp\/v2\/product_tag?post=3652"}],"curies":[{"name":"wp","href":"https:\/\/api.w.org\/{rel}","templated":true}]}}