{"id":32871,"date":"2021-04-03T14:20:44","date_gmt":"2021-04-03T12:20:44","guid":{"rendered":"https:\/\/dualtron-store.com\/?post_type=product&#038;p=32871"},"modified":"2026-04-22T20:50:53","modified_gmt":"2026-04-22T18:50:53","slug":"vis-de-roue-arriere-de-dualtron-mini","status":"publish","type":"product","link":"https:\/\/dualtron-store.com\/index.php\/produit\/vis-de-roue-arriere-de-dualtron-mini\/","title":{"rendered":"Vis de jante de roue arriere de dualtron"},"content":{"rendered":"<p><strong>Fortement Recommand\u00e9 : Utilisez la Vis de Roue Arri\u00e8re Dualtron avec du Frein Filet Loctite 271<\/strong><\/p>\n<p>Pour garantir une installation s\u00e9curis\u00e9e et durable , nous vous recommandons fortement d&#8217;utiliser la Vis de Roue Arri\u00e8re Dualtron en conjonction avec le Frein Filet Loctite 271. Cette combinaison assure une fixation solide et fiable, offrant une exp\u00e9rience de conduite en toute s\u00e9curit\u00e9.<\/p>\n<blockquote class=\"wp-embedded-content\" data-secret=\"rOTG85XYte\"><p><a href=\"https:\/\/dualtron-store.com\/index.php\/produit\/frein-filet-loctite-271\/\">Frein filet Loctite 271<\/a><\/p><\/blockquote>\n<p><iframe class=\"wp-embedded-content\" sandbox=\"allow-scripts\" security=\"restricted\" style=\"position: absolute; clip: rect(1px, 1px, 1px, 1px);\" title=\"\u00ab\u00a0Frein filet Loctite 271\u00a0\u00bb &#8212; DUALTRON Store \u00ae FRANCE\" src=\"https:\/\/dualtron-store.com\/index.php\/produit\/frein-filet-loctite-271\/embed\/#?secret=mKPuArhLNr#?secret=rOTG85XYte\" data-secret=\"rOTG85XYte\" width=\"600\" height=\"338\" frameborder=\"0\" marginwidth=\"0\" marginheight=\"0\" scrolling=\"no\"><\/iframe><\/p>\n","protected":false},"excerpt":{"rendered":"<p><strong>6 Vis de roue\u00a0arri\u00e8re\u00a0de dualtron\u00a0<\/strong><\/p>\n","protected":false},"featured_media":84545,"comment_status":"open","ping_status":"closed","template":"","meta":{"om_disable_all_campaigns":false,"_mi_skip_tracking":false,"_monsterinsights_sitenote_active":false,"_monsterinsights_sitenote_note":"","_monsterinsights_sitenote_category":0},"product_cat":[348,346,275,277,287,276,545,274,279,280,325,742,613,18,51],"product_tag":[],"aioseo_notices":[],"_links":{"self":[{"href":"https:\/\/dualtron-store.com\/index.php\/wp-json\/wp\/v2\/product\/32871"}],"collection":[{"href":"https:\/\/dualtron-store.com\/index.php\/wp-json\/wp\/v2\/product"}],"about":[{"href":"https:\/\/dualtron-store.com\/index.php\/wp-json\/wp\/v2\/types\/product"}],"replies":[{"embeddable":true,"href":"https:\/\/dualtron-store.com\/index.php\/wp-json\/wp\/v2\/comments?post=32871"}],"wp:featuredmedia":[{"embeddable":true,"href":"https:\/\/dualtron-store.com\/index.php\/wp-json\/wp\/v2\/media\/84545"}],"wp:attachment":[{"href":"https:\/\/dualtron-store.com\/index.php\/wp-json\/wp\/v2\/media?parent=32871"}],"wp:term":[{"taxonomy":"product_cat","embeddable":true,"href":"https:\/\/dualtron-store.com\/index.php\/wp-json\/wp\/v2\/product_cat?post=32871"},{"taxonomy":"product_tag","embeddable":true,"href":"https:\/\/dualtron-store.com\/index.php\/wp-json\/wp\/v2\/product_tag?post=32871"}],"curies":[{"name":"wp","href":"https:\/\/api.w.org\/{rel}","templated":true}]}}