{"id":3222,"date":"2019-08-14T10:24:47","date_gmt":"2019-08-14T08:24:47","guid":{"rendered":"https:\/\/dualtron-store.com\/?post_type=product&#038;p=3222"},"modified":"2026-04-23T12:00:21","modified_gmt":"2026-04-23T10:00:21","slug":"chambre-a-air-10-pouces-cst-pour-dualtron-ii","status":"publish","type":"product","link":"https:\/\/dualtron-store.com\/index.php\/produit\/chambre-a-air-10-pouces-cst-pour-dualtron-ii\/","title":{"rendered":"Chambre \u00e0 air 10 pouces \u2013 Dualtron Victor, Forever, Eagle, Spider, Togo Ltd, New"},"content":{"rendered":"","protected":false},"excerpt":{"rendered":"<p>Chambre \u00e0 air 10 pouces pour Dualtron II , Dualtron new, Eagle, Victor, Forever, Togo LTD, Speedway 4, zero 10 X et kaabo mantis. Chambre \u00e0 air d&#8217;excellente qualit\u00e9. (beaucoup moins de perte de pression que les chambres \u00e0 air classique). taille: 10&#215;2.00<\/p>\n","protected":false},"featured_media":68676,"comment_status":"open","ping_status":"closed","template":"","meta":{"om_disable_all_campaigns":false,"_mi_skip_tracking":false,"_monsterinsights_sitenote_active":false,"_monsterinsights_sitenote_note":"","_monsterinsights_sitenote_category":0},"product_cat":[277,276,283,18,51,52],"product_tag":[],"aioseo_notices":[],"_links":{"self":[{"href":"https:\/\/dualtron-store.com\/index.php\/wp-json\/wp\/v2\/product\/3222"}],"collection":[{"href":"https:\/\/dualtron-store.com\/index.php\/wp-json\/wp\/v2\/product"}],"about":[{"href":"https:\/\/dualtron-store.com\/index.php\/wp-json\/wp\/v2\/types\/product"}],"replies":[{"embeddable":true,"href":"https:\/\/dualtron-store.com\/index.php\/wp-json\/wp\/v2\/comments?post=3222"}],"wp:featuredmedia":[{"embeddable":true,"href":"https:\/\/dualtron-store.com\/index.php\/wp-json\/wp\/v2\/media\/68676"}],"wp:attachment":[{"href":"https:\/\/dualtron-store.com\/index.php\/wp-json\/wp\/v2\/media?parent=3222"}],"wp:term":[{"taxonomy":"product_cat","embeddable":true,"href":"https:\/\/dualtron-store.com\/index.php\/wp-json\/wp\/v2\/product_cat?post=3222"},{"taxonomy":"product_tag","embeddable":true,"href":"https:\/\/dualtron-store.com\/index.php\/wp-json\/wp\/v2\/product_tag?post=3222"}],"curies":[{"name":"wp","href":"https:\/\/api.w.org\/{rel}","templated":true}]}}