{"id":30834,"date":"2021-01-04T17:33:21","date_gmt":"2021-01-04T16:33:21","guid":{"rendered":"https:\/\/dualtron-store.com\/?post_type=product&#038;p=30834"},"modified":"2025-04-04T16:32:40","modified_gmt":"2025-04-04T14:32:40","slug":"bequille-carbonrevo-pour-dualtron","status":"publish","type":"product","link":"https:\/\/dualtron-store.com\/index.php\/produit\/bequille-carbonrevo-pour-dualtron\/","title":{"rendered":"B\u00e9quille carbonrevo pour dualtron"},"content":{"rendered":"","protected":false},"excerpt":{"rendered":"<p>B\u00e9quille r\u00e9glable\u00a0Carbonrevo pour dualtron\u00a0pour Dualtron. Produit Authentique de la luxueuse marque CarbonRevo. Made in Singapour. r\u00e9glage de la hauteur, pour ultra, se fixe directement sur les trous d&#8217;origine, pour la thunder et dualtron 3, il est n\u00e9cessaire d&#8217;y ajouter l&#8217;adaptateur.<\/p>\n","protected":false},"featured_media":30839,"comment_status":"open","ping_status":"closed","template":"","meta":{"om_disable_all_campaigns":false,"_mi_skip_tracking":false,"_monsterinsights_sitenote_active":false,"_monsterinsights_sitenote_note":"","_monsterinsights_sitenote_category":0},"product_cat":[158,18,51,52],"product_tag":[],"aioseo_notices":[],"_links":{"self":[{"href":"https:\/\/dualtron-store.com\/index.php\/wp-json\/wp\/v2\/product\/30834"}],"collection":[{"href":"https:\/\/dualtron-store.com\/index.php\/wp-json\/wp\/v2\/product"}],"about":[{"href":"https:\/\/dualtron-store.com\/index.php\/wp-json\/wp\/v2\/types\/product"}],"replies":[{"embeddable":true,"href":"https:\/\/dualtron-store.com\/index.php\/wp-json\/wp\/v2\/comments?post=30834"}],"wp:featuredmedia":[{"embeddable":true,"href":"https:\/\/dualtron-store.com\/index.php\/wp-json\/wp\/v2\/media\/30839"}],"wp:attachment":[{"href":"https:\/\/dualtron-store.com\/index.php\/wp-json\/wp\/v2\/media?parent=30834"}],"wp:term":[{"taxonomy":"product_cat","embeddable":true,"href":"https:\/\/dualtron-store.com\/index.php\/wp-json\/wp\/v2\/product_cat?post=30834"},{"taxonomy":"product_tag","embeddable":true,"href":"https:\/\/dualtron-store.com\/index.php\/wp-json\/wp\/v2\/product_tag?post=30834"}],"curies":[{"name":"wp","href":"https:\/\/api.w.org\/{rel}","templated":true}]}}